Last updated on 2025-05-01 15:49:33 CEST.
Flavor | Version | Tinstall | Tcheck | Ttotal | Status | Flags |
---|---|---|---|---|---|---|
r-devel-linux-x86_64-debian-clang | 3.4 | 5.29 | 43.44 | 48.73 | OK | |
r-devel-linux-x86_64-debian-gcc | 3.4 | 3.42 | 30.09 | 33.51 | OK | |
r-devel-linux-x86_64-fedora-clang | 3.4 | 77.16 | OK | |||
r-devel-linux-x86_64-fedora-gcc | 3.4 | 67.96 | OK | |||
r-devel-windows-x86_64 | 3.4 | 10.00 | 71.00 | 81.00 | NOTE | |
r-patched-linux-x86_64 | 3.4 | 5.54 | 40.87 | 46.41 | OK | |
r-release-linux-x86_64 | OK | |||||
r-release-macos-arm64 | 3.4 | 26.00 | OK | |||
r-release-macos-x86_64 | 3.4 | 45.00 | OK | |||
r-release-windows-x86_64 | 3.4 | 11.00 | 72.00 | 83.00 | NOTE | |
r-oldrel-macos-arm64 | 3.4 | 26.00 | OK | |||
r-oldrel-macos-x86_64 | 3.4 | 37.00 | OK | |||
r-oldrel-windows-x86_64 | 3.4 | 10.00 | 75.00 | 85.00 | NOTE |
Version: 3.4
Check: C++ specification
Result: NOTE
Specified C++11: please drop specification unless essential
Flavors: r-devel-windows-x86_64, r-release-windows-x86_64, r-oldrel-windows-x86_64
These binaries (installable software) and packages are in development.
They may not be fully stable and should be used with caution. We make no claims about them.