Last updated on 2025-07-26 00:49:05 CEST.
Flavor | Version | Tinstall | Tcheck | Ttotal | Status | Flags |
---|---|---|---|---|---|---|
r-devel-linux-x86_64-debian-clang | 3.4 | 5.74 | 42.22 | 47.96 | OK | |
r-devel-linux-x86_64-debian-gcc | 3.4 | 4.14 | 30.83 | 34.97 | OK | |
r-devel-linux-x86_64-fedora-clang | 3.4 | 68.93 | OK | |||
r-devel-linux-x86_64-fedora-gcc | 3.4 | 66.51 | OK | |||
r-devel-windows-x86_64 | 3.4 | 10.00 | 73.00 | 83.00 | NOTE | |
r-patched-linux-x86_64 | 3.4 | 4.83 | 39.84 | 44.67 | OK | |
r-release-linux-x86_64 | 3.4 | 4.74 | 39.41 | 44.15 | OK | |
r-release-macos-arm64 | 3.4 | 26.00 | OK | |||
r-release-macos-x86_64 | 3.4 | 45.00 | OK | |||
r-release-windows-x86_64 | 3.4 | 9.00 | 67.00 | 76.00 | NOTE | |
r-oldrel-macos-arm64 | 3.4 | 26.00 | OK | |||
r-oldrel-macos-x86_64 | 3.4 | 37.00 | OK | |||
r-oldrel-windows-x86_64 | 3.4 | 12.00 | 83.00 | 95.00 | NOTE |
Version: 3.4
Check: C++ specification
Result: NOTE
Specified C++11: please drop specification unless essential
Flavors: r-devel-windows-x86_64, r-release-windows-x86_64, r-oldrel-windows-x86_64
These binaries (installable software) and packages are in development.
They may not be fully stable and should be used with caution. We make no claims about them.