Last updated on 2025-10-03 15:49:51 CEST.
Flavor | Version | Tinstall | Tcheck | Ttotal | Status | Flags |
---|---|---|---|---|---|---|
r-devel-linux-x86_64-debian-clang | 0.8.1 | 6.62 | 56.60 | 63.22 | NOTE | |
r-devel-linux-x86_64-debian-gcc | 0.8.1 | 4.53 | 41.17 | 45.70 | NOTE | |
r-devel-linux-x86_64-fedora-clang | 0.8.1 | 86.22 | OK | |||
r-devel-linux-x86_64-fedora-gcc | 0.8.1 | 83.19 | OK | |||
r-devel-windows-x86_64 | 0.8.1 | 7.00 | 65.00 | 72.00 | OK | |
r-patched-linux-x86_64 | 0.8.1 | 6.38 | 52.23 | 58.61 | OK | |
r-release-linux-x86_64 | 0.8.1 | 5.59 | 52.98 | 58.57 | OK | |
r-release-macos-arm64 | 0.8.1 | 37.00 | OK | |||
r-release-macos-x86_64 | 0.8.1 | 52.00 | OK | |||
r-release-windows-x86_64 | 0.8.1 | 8.00 | 65.00 | 73.00 | OK | |
r-oldrel-macos-arm64 | 0.8.1 | 29.00 | OK | |||
r-oldrel-macos-x86_64 | 0.8.1 | 43.00 | OK | |||
r-oldrel-windows-x86_64 | 0.8.1 | 9.00 | 75.00 | 84.00 | OK |
Version: 0.8.1
Check: CRAN incoming feasibility
Result: NOTE
Maintainer: ‘C. Jason Liang <liangcj@gmail.com>’
Found the following URLs which should use \doi (with the DOI name only):
File ‘finda.Rd’:
https://doi.org/10.1111/1467-9469.00320
https://doi.org/10.1198/016214504000000845
File ‘hds.Rd’:
https://doi.org/10.1111/biom.12628
File ‘hdslc.Rd’:
https://doi.org/10.1111/biom.12628
https://doi.org/10.1111/1467-9469.00320
https://doi.org/10.1198/016214504000000845
Flavors: r-devel-linux-x86_64-debian-clang, r-devel-linux-x86_64-debian-gcc
These binaries (installable software) and packages are in development.
They may not be fully stable and should be used with caution. We make no claims about them.