Last updated on 2025-07-02 05:50:17 CEST.
Flavor | Version | Tinstall | Tcheck | Ttotal | Status | Flags |
---|---|---|---|---|---|---|
r-devel-linux-x86_64-debian-clang | 0.2.1 | 2.07 | 35.03 | 37.10 | OK | |
r-devel-linux-x86_64-debian-gcc | 0.2.1 | 1.60 | 27.48 | 29.08 | OK | |
r-devel-linux-x86_64-fedora-clang | 0.2.1 | 56.88 | OK | |||
r-devel-linux-x86_64-fedora-gcc | 0.2.1 | 64.09 | OK | |||
r-devel-windows-x86_64 | 0.2.1 | 4.00 | 69.00 | 73.00 | FAIL | |
r-patched-linux-x86_64 | ERROR | |||||
r-release-linux-x86_64 | 0.2.1 | 1.94 | 32.55 | 34.49 | OK | |
r-release-macos-arm64 | 0.2.1 | 51.00 | OK | |||
r-release-macos-x86_64 | 0.2.1 | 68.00 | OK | |||
r-release-windows-x86_64 | 0.2.1 | 4.00 | 69.00 | 73.00 | OK | |
r-oldrel-macos-arm64 | 0.2.1 | 49.00 | OK | |||
r-oldrel-macos-x86_64 | 0.2.1 | 78.00 | OK | |||
r-oldrel-windows-x86_64 | 0.2.1 | 4.00 | 70.00 | 74.00 | OK |
Version: 0.2.1
Check: PDF version of manual
Result: FAIL
Check process probably crashed or hung up for 20 minutes ... killed
Most likely this happened in the example checks (?),
if not, ignore the following last lines of example output:
> cleanEx()
> nameEx("ha_topics")
> ### * ha_topics
>
> flush(stderr()); flush(stdout())
>
> ### Name: ha_topics
> ### Title: List Topics
> ### Aliases: ha_topics
>
> ### ** Examples
>
>
>
>
> ### * <FOOTER>
> ###
> cleanEx()
> options(digits = 7L)
> base::cat("Time elapsed: ", proc.time() - base::get("ptime", pos = 'CheckExEnv'),"\n")
Time elapsed: 0.38 0.02 0.39 NA NA
> grDevices::dev.off()
null device
1
> ###
> ### Local variables: ***
> ### mode: outline-minor ***
> ### outline-regexp: "\\(> \\)?### [*]+" ***
> ### End: ***
> quit('no')
======== End of example output (where/before crash/hang up occured ?) ========
Flavor: r-devel-windows-x86_64
Version: 0.2.1
Check: re-building of vignette outputs
Result: ERROR
Error(s) in re-building vignettes:
...
--- re-building ‘healthatlas.Rmd’ using rmarkdown
Quitting from healthatlas.Rmd:34-37 [unnamed-chunk-4]
~~~~~~~~~~~~~~~~~~~~~~~~~~~~~~~~~~~~~~~~~~~~~~~~~~~~~~~~~~~~~~~~~~~~~~~~~~~~~~~~
NULL
~~~~~~~~~~~~~~~~~~~~~~~~~~~~~~~~~~~~~~~~~~~~~~~~~~~~~~~~~~~~~~~~~~~~~~~~~~~~~~~~
Error: processing vignette 'healthatlas.Rmd' failed with diagnostics:
HTTP 500 Internal Server Error.
• Your API call has errors. No Results.
--- failed re-building ‘healthatlas.Rmd’
SUMMARY: processing the following file failed:
‘healthatlas.Rmd’
Error: Vignette re-building failed.
Execution halted
Flavor: r-patched-linux-x86_64
These binaries (installable software) and packages are in development.
They may not be fully stable and should be used with caution. We make no claims about them.