CRAN Package Check Results for Package healthfinance

Last updated on 2025-02-23 07:51:55 CET.

Flavor Version Tinstall Tcheck Ttotal Status Flags
r-devel-linux-x86_64-debian-clang 0.1.0 6.07 55.75 61.82 OK
r-devel-linux-x86_64-debian-gcc 0.1.0 4.32 39.38 43.70 OK
r-devel-linux-x86_64-fedora-clang 0.1.0 97.29 OK
r-devel-linux-x86_64-fedora-gcc 0.1.0 90.66 OK
r-devel-macos-arm64 0.1.0 29.00 OK
r-devel-macos-x86_64 0.1.0 63.00 OK
r-devel-windows-x86_64 0.1.0 8.00 67.00 75.00 OK
r-patched-linux-x86_64 0.1.0 5.73 50.47 56.20 NOTE
r-release-linux-x86_64 0.1.0 5.70 49.82 55.52 NOTE
r-release-macos-arm64 0.1.0 30.00 NOTE
r-release-macos-x86_64 0.1.0 63.00 NOTE
r-release-windows-x86_64 0.1.0 9.00 66.00 75.00 NOTE
r-oldrel-macos-arm64 0.1.0 32.00 NOTE
r-oldrel-macos-x86_64 0.1.0 46.00 NOTE
r-oldrel-windows-x86_64 0.1.0 11.00 77.00 88.00 NOTE

Check Details

Version: 0.1.0
Check: LazyData
Result: NOTE 'LazyData' is specified without a 'data' directory Flavors: r-patched-linux-x86_64, r-release-linux-x86_64, r-release-macos-arm64, r-release-macos-x86_64, r-release-windows-x86_64, r-oldrel-macos-arm64, r-oldrel-macos-x86_64, r-oldrel-windows-x86_64

These binaries (installable software) and packages are in development.
They may not be fully stable and should be used with caution. We make no claims about them.