Last updated on 2024-07-27 15:50:20 CEST.
Flavor | Version | Tinstall | Tcheck | Ttotal | Status | Flags |
---|---|---|---|---|---|---|
r-devel-linux-x86_64-debian-clang | 0.0.13 | 17.73 | 256.30 | 274.03 | OK | |
r-devel-linux-x86_64-debian-gcc | 0.0.13 | OK | ||||
r-devel-linux-x86_64-fedora-clang | 0.0.13 | 348.09 | OK | |||
r-devel-linux-x86_64-fedora-gcc | 0.0.13 | 335.89 | OK | |||
r-devel-windows-x86_64 | 0.0.13 | 19.00 | 218.00 | 237.00 | OK | |
r-patched-linux-x86_64 | 0.0.13 | ERROR | ||||
r-release-linux-x86_64 | 0.0.13 | 13.53 | 243.29 | 256.82 | OK | |
r-release-macos-arm64 | 0.0.13 | 95.00 | OK | |||
r-release-macos-x86_64 | 0.0.13 | 140.00 | OK | |||
r-release-windows-x86_64 | 0.0.13 | 18.00 | 220.00 | 238.00 | OK | |
r-oldrel-macos-arm64 | 0.0.13 | 112.00 | OK | |||
r-oldrel-macos-x86_64 | 0.0.13 | 177.00 | OK | |||
r-oldrel-windows-x86_64 | 0.0.13 | 26.00 | 277.00 | 303.00 | OK |
Version: 0.0.13
Check: package dependencies
Result: ERROR
Package required but not available: ‘modeltime’
See section ‘The DESCRIPTION file’ in the ‘Writing R Extensions’
manual.
Flavor: r-patched-linux-x86_64
These binaries (installable software) and packages are in development.
They may not be fully stable and should be used with caution. We make no claims about them.