Last updated on 2025-07-23 03:50:48 CEST.
Flavor | Version | Tinstall | Tcheck | Ttotal | Status | Flags |
---|---|---|---|---|---|---|
r-devel-linux-x86_64-debian-clang | 1.2.0 | 18.96 | 36.39 | 55.35 | OK | |
r-devel-linux-x86_64-debian-gcc | 1.2.0 | 17.57 | 27.81 | 45.38 | OK | |
r-devel-linux-x86_64-fedora-clang | 1.2.0 | 93.52 | OK | |||
r-devel-linux-x86_64-fedora-gcc | 1.2.0 | 91.46 | OK | |||
r-devel-windows-x86_64 | 1.2.0 | 19.00 | 60.00 | 79.00 | OK | |
r-patched-linux-x86_64 | 1.2.0 | 20.33 | 32.58 | 52.91 | OK | |
r-release-linux-x86_64 | 1.2.0 | 21.21 | 33.02 | 54.23 | OK | |
r-release-macos-arm64 | 1.2.0 | 49.00 | OK | |||
r-release-macos-x86_64 | 1.2.0 | 75.00 | OK | |||
r-release-windows-x86_64 | 1.2.0 | 21.00 | 57.00 | 78.00 | OK | |
r-oldrel-macos-arm64 | 1.2.0 | 44.00 | NOTE | |||
r-oldrel-macos-x86_64 | 1.2.0 | 108.00 | NOTE | |||
r-oldrel-windows-x86_64 | 1.2.0 | 29.00 | 68.00 | 97.00 | OK |
Version: 1.2.0
Check: installed package size
Result: NOTE
installed size is 5.2Mb
sub-directories of 1Mb or more:
data 4.9Mb
Flavors: r-oldrel-macos-arm64, r-oldrel-macos-x86_64
These binaries (installable software) and packages are in development.
They may not be fully stable and should be used with caution. We make no claims about them.