CRAN Package Check Results for Package healthyR.data

Last updated on 2025-05-08 04:52:07 CEST.

Flavor Version Tinstall Tcheck Ttotal Status Flags
r-devel-linux-x86_64-debian-clang 1.2.0 20.46 34.78 55.24 OK
r-devel-linux-x86_64-debian-gcc 1.2.0 17.44 27.40 44.84 OK
r-devel-linux-x86_64-fedora-clang 1.2.0 91.42 OK
r-devel-linux-x86_64-fedora-gcc 1.2.0 85.31 OK
r-devel-windows-x86_64 1.2.0 22.00 60.00 82.00 OK
r-patched-linux-x86_64 1.2.0 19.83 33.01 52.84 OK
r-release-linux-x86_64 1.2.0 21.01 32.48 53.49 OK
r-release-macos-arm64 1.2.0 49.00 OK
r-release-macos-x86_64 1.2.0 75.00 OK
r-release-windows-x86_64 1.2.0 22.00 60.00 82.00 OK
r-oldrel-macos-arm64 1.2.0 44.00 NOTE
r-oldrel-macos-x86_64 1.2.0 108.00 NOTE
r-oldrel-windows-x86_64 1.2.0 28.00 68.00 96.00 OK

Check Details

Version: 1.2.0
Check: installed package size
Result: NOTE installed size is 5.2Mb sub-directories of 1Mb or more: data 4.9Mb Flavors: r-oldrel-macos-arm64, r-oldrel-macos-x86_64

These binaries (installable software) and packages are in development.
They may not be fully stable and should be used with caution. We make no claims about them.