Last updated on 2025-10-03 01:49:47 CEST.
Flavor | Version | Tinstall | Tcheck | Ttotal | Status | Flags |
---|---|---|---|---|---|---|
r-devel-linux-x86_64-debian-clang | 0.3.1 | 20.21 | 237.18 | 257.39 | NOTE | |
r-devel-linux-x86_64-debian-gcc | 0.3.1 | 13.74 | 162.80 | 176.54 | NOTE | |
r-devel-linux-x86_64-fedora-clang | 0.3.1 | 407.41 | NOTE | |||
r-devel-linux-x86_64-fedora-gcc | 0.3.1 | 416.18 | NOTE | |||
r-devel-windows-x86_64 | 0.3.1 | 23.00 | 246.00 | 269.00 | NOTE | |
r-patched-linux-x86_64 | 0.3.1 | 21.60 | 220.10 | 241.70 | NOTE | |
r-release-linux-x86_64 | 0.3.1 | 19.48 | 223.08 | 242.56 | NOTE | |
r-release-macos-arm64 | 0.3.1 | 104.00 | NOTE | |||
r-release-macos-x86_64 | 0.3.1 | 203.00 | NOTE | |||
r-release-windows-x86_64 | 0.3.1 | 24.00 | 243.00 | 267.00 | NOTE | |
r-oldrel-macos-arm64 | 0.3.1 | 86.00 | NOTE | |||
r-oldrel-macos-x86_64 | 0.3.1 | 111.00 | NOTE | |||
r-oldrel-windows-x86_64 | 0.3.1 | 32.00 | 307.00 | 339.00 | NOTE |
Version: 0.3.1
Check: DESCRIPTION meta-information
Result: NOTE
Missing dependency on R >= 4.1.0 because package code uses the pipe
|> or function shorthand \(...) syntax added in R 4.1.0.
File(s) using such syntax:
‘ts-random-walk.R’ ‘ts-vva-plot.R’
Flavors: r-devel-linux-x86_64-debian-clang, r-devel-linux-x86_64-debian-gcc, r-devel-linux-x86_64-fedora-clang, r-devel-linux-x86_64-fedora-gcc, r-devel-windows-x86_64, r-patched-linux-x86_64, r-release-linux-x86_64, r-release-macos-arm64, r-release-macos-x86_64, r-release-windows-x86_64
Version: 0.3.1
Check: installed package size
Result: NOTE
installed size is 6.3Mb
sub-directories of 1Mb or more:
doc 5.3Mb
Flavors: r-oldrel-macos-arm64, r-oldrel-macos-x86_64, r-oldrel-windows-x86_64
These binaries (installable software) and packages are in development.
They may not be fully stable and should be used with caution. We make no claims about them.