CRAN Package Check Results for Package healthyverse

Last updated on 2025-02-16 08:50:49 CET.

Flavor Version Tinstall Tcheck Ttotal Status Flags
r-devel-linux-x86_64-debian-clang 1.1.0 11.50 73.33 84.83 OK
r-devel-linux-x86_64-debian-gcc 1.1.0 7.79 53.03 60.82 OK
r-devel-linux-x86_64-fedora-clang 1.1.0 140.67 NOTE
r-devel-linux-x86_64-fedora-gcc 1.1.0 137.67 NOTE
r-devel-macos-arm64 1.1.0 47.00 OK
r-devel-macos-x86_64 1.1.0 91.00 OK
r-devel-windows-x86_64 1.1.0 13.00 92.00 105.00 OK
r-patched-linux-x86_64 1.1.0 10.02 67.60 77.62 OK
r-release-linux-x86_64 1.1.0 10.26 68.53 78.79 OK
r-release-macos-arm64 1.1.0 35.00 OK
r-release-macos-x86_64 1.1.0 89.00 OK
r-release-windows-x86_64 1.1.0 14.00 86.00 100.00 OK
r-oldrel-macos-arm64 1.1.0 10.00 ERROR
r-oldrel-macos-x86_64 1.1.0 101.00 OK
r-oldrel-windows-x86_64 1.1.0 17.00 103.00 120.00 OK

Check Details

Version: 1.1.0
Check: dependencies in R code
Result: NOTE Namespaces in Imports field not imported from: ‘RandomWalker’ ‘TidyDensity’ ‘healthyR’ ‘healthyR.ai’ ‘healthyR.data’ ‘healthyR.ts’ ‘tidyAML’ All declared Imports should be used. Flavors: r-devel-linux-x86_64-fedora-clang, r-devel-linux-x86_64-fedora-gcc

Version: 1.1.0
Check: package dependencies
Result: ERROR Package required and available but unsuitable version: ‘healthyR.ai’ See section ‘The DESCRIPTION file’ in the ‘Writing R Extensions’ manual. Flavor: r-oldrel-macos-arm64

These binaries (installable software) and packages are in development.
They may not be fully stable and should be used with caution. We make no claims about them.