Last updated on 2025-11-11 15:50:36 CET.
| Flavor | Version | Tinstall | Tcheck | Ttotal | Status | Flags |
|---|---|---|---|---|---|---|
| r-devel-linux-x86_64-debian-clang | 1.1.0 | 10.67 | 82.48 | 93.15 | NOTE | |
| r-devel-linux-x86_64-debian-gcc | 1.1.0 | 9.33 | 61.64 | 70.97 | NOTE | |
| r-devel-linux-x86_64-fedora-clang | 1.1.0 | 56.00 | 93.73 | 149.73 | NOTE | |
| r-devel-linux-x86_64-fedora-gcc | 1.1.0 | 24.00 | 122.04 | 146.04 | NOTE | |
| r-devel-windows-x86_64 | 1.1.0 | 16.00 | 92.00 | 108.00 | OK | |
| r-patched-linux-x86_64 | 1.1.0 | 11.42 | 76.35 | 87.77 | OK | |
| r-release-linux-x86_64 | 1.1.0 | 11.21 | 75.64 | 86.85 | OK | |
| r-release-macos-arm64 | 1.1.0 | 7.00 | 80.00 | 87.00 | OK | |
| r-release-macos-x86_64 | 1.1.0 | 14.00 | 77.00 | 91.00 | OK | |
| r-release-windows-x86_64 | 1.1.0 | 15.00 | 87.00 | 102.00 | OK | |
| r-oldrel-macos-arm64 | 1.1.0 | 4.00 | 31.00 | 35.00 | OK | |
| r-oldrel-macos-x86_64 | 1.1.0 | 9.00 | 80.00 | 89.00 | OK | |
| r-oldrel-windows-x86_64 | 1.1.0 | 20.00 | 113.00 | 133.00 | OK |
Version: 1.1.0
Check: CRAN incoming feasibility
Result: NOTE
Maintainer: ‘Steven Sanderson <spsanderson@gmail.com>’
Found the following (possibly) invalid URLs:
URL: https://lifecycle.r-lib.org/articles/stages.html##stable
From: README.md
Message: Invalid URL: '#' not allowed in fragment
Flavors: r-devel-linux-x86_64-debian-clang, r-devel-linux-x86_64-debian-gcc
Version: 1.1.0
Check: dependencies in R code
Result: NOTE
Namespaces in Imports field not imported from:
‘RandomWalker’ ‘TidyDensity’ ‘healthyR’ ‘healthyR.ai’ ‘healthyR.data’
‘healthyR.ts’ ‘tidyAML’
All declared Imports should be used.
Flavors: r-devel-linux-x86_64-fedora-clang, r-devel-linux-x86_64-fedora-gcc
These binaries (installable software) and packages are in development.
They may not be fully stable and should be used with caution. We make no claims about them.