Last updated on 2025-05-01 12:49:30 CEST.
Flavor | Version | Tinstall | Tcheck | Ttotal | Status | Flags |
---|---|---|---|---|---|---|
r-devel-linux-x86_64-debian-clang | 1.1.0 | 11.48 | 76.38 | 87.86 | OK | |
r-devel-linux-x86_64-debian-gcc | 1.1.0 | 8.50 | 57.72 | 66.22 | OK | |
r-devel-linux-x86_64-fedora-clang | 1.1.0 | 146.64 | NOTE | |||
r-devel-linux-x86_64-fedora-gcc | 1.1.0 | 151.05 | NOTE | |||
r-devel-windows-x86_64 | 1.1.0 | 14.00 | 88.00 | 102.00 | OK | |
r-patched-linux-x86_64 | 1.1.0 | 11.59 | 72.66 | 84.25 | OK | |
r-release-linux-x86_64 | OK | |||||
r-release-macos-arm64 | 1.1.0 | 87.00 | OK | |||
r-release-macos-x86_64 | 1.1.0 | 91.00 | OK | |||
r-release-windows-x86_64 | 1.1.0 | 14.00 | 88.00 | 102.00 | OK | |
r-oldrel-macos-arm64 | 1.1.0 | 35.00 | OK | |||
r-oldrel-macos-x86_64 | 1.1.0 | 89.00 | OK | |||
r-oldrel-windows-x86_64 | 1.1.0 | 18.00 | 108.00 | 126.00 | OK |
Version: 1.1.0
Check: dependencies in R code
Result: NOTE
Namespaces in Imports field not imported from:
‘RandomWalker’ ‘TidyDensity’ ‘healthyR’ ‘healthyR.ai’ ‘healthyR.data’
‘healthyR.ts’ ‘tidyAML’
All declared Imports should be used.
Flavors: r-devel-linux-x86_64-fedora-clang, r-devel-linux-x86_64-fedora-gcc
These binaries (installable software) and packages are in development.
They may not be fully stable and should be used with caution. We make no claims about them.