Last updated on 2025-02-16 08:50:49 CET.
Flavor | Version | Tinstall | Tcheck | Ttotal | Status | Flags |
---|---|---|---|---|---|---|
r-devel-linux-x86_64-debian-clang | 1.1.9 | 2.28 | 26.61 | 28.89 | NOTE | |
r-devel-linux-x86_64-debian-gcc | 1.1.9 | 1.67 | 21.83 | 23.50 | NOTE | |
r-devel-linux-x86_64-fedora-clang | 1.1.9 | 49.34 | NOTE | |||
r-devel-linux-x86_64-fedora-gcc | 1.1.9 | 58.77 | NOTE | |||
r-devel-macos-arm64 | 1.1.9 | 24.00 | NOTE | |||
r-devel-macos-x86_64 | 1.1.9 | 47.00 | NOTE | |||
r-devel-windows-x86_64 | 1.1.9 | 3.00 | 59.00 | 62.00 | NOTE | |
r-patched-linux-x86_64 | 1.1.9 | 2.03 | 26.29 | 28.32 | NOTE | |
r-release-linux-x86_64 | 1.1.9 | 2.15 | 25.96 | 28.11 | NOTE | |
r-release-macos-arm64 | 1.1.9 | 23.00 | NOTE | |||
r-release-macos-x86_64 | 1.1.9 | 64.00 | NOTE | |||
r-release-windows-x86_64 | 1.1.9 | 3.00 | 61.00 | 64.00 | NOTE | |
r-oldrel-macos-arm64 | 1.1.9 | 24.00 | OK | |||
r-oldrel-macos-x86_64 | 1.1.9 | 35.00 | OK | |||
r-oldrel-windows-x86_64 | 1.1.9 | 5.00 | 67.00 | 72.00 | OK |
Version: 1.1.9
Check: Rd files
Result: NOTE
checkRd: (-1) colByValue.Rd:20: Lost braces; missing escapes or markup?
20 | \item{las}{numeric in {0,1,2,3}; the style of axis labels.}
| ^
Flavors: r-devel-linux-x86_64-debian-clang, r-devel-linux-x86_64-debian-gcc, r-devel-linux-x86_64-fedora-clang, r-devel-linux-x86_64-fedora-gcc, r-devel-macos-arm64, r-devel-macos-x86_64, r-devel-windows-x86_64, r-patched-linux-x86_64, r-release-linux-x86_64, r-release-macos-arm64, r-release-macos-x86_64, r-release-windows-x86_64
These binaries (installable software) and packages are in development.
They may not be fully stable and should be used with caution. We make no claims about them.