Last updated on 2025-11-11 15:50:36 CET.
| Flavor | Version | Tinstall | Tcheck | Ttotal | Status | Flags |
|---|---|---|---|---|---|---|
| r-devel-linux-x86_64-debian-clang | 2.0.4 | 2.06 | 19.97 | 22.03 | OK | |
| r-devel-linux-x86_64-debian-gcc | 2.0.4 | 1.48 | 16.31 | 17.79 | OK | |
| r-devel-linux-x86_64-fedora-clang | 2.0.4 | 11.00 | 22.59 | 33.59 | OK | |
| r-devel-linux-x86_64-fedora-gcc | 2.0.4 | 30.04 | OK | |||
| r-devel-windows-x86_64 | 2.0.4 | 3.00 | 38.00 | 41.00 | OK | |
| r-patched-linux-x86_64 | 2.0.4 | 1.81 | 19.09 | 20.90 | OK | |
| r-release-linux-x86_64 | 2.0.4 | 2.02 | 18.73 | 20.75 | OK | |
| r-release-macos-arm64 | 2.0.4 | 1.00 | 15.00 | 16.00 | OK | |
| r-release-macos-x86_64 | 2.0.4 | 2.00 | 22.00 | 24.00 | OK | |
| r-release-windows-x86_64 | 2.0.4 | 3.00 | 38.00 | 41.00 | OK | |
| r-oldrel-macos-arm64 | 2.0.4 | 1.00 | 13.00 | 14.00 | NOTE | |
| r-oldrel-macos-x86_64 | 2.0.4 | 3.00 | 24.00 | 27.00 | NOTE | |
| r-oldrel-windows-x86_64 | 2.0.4 | 2.00 | 39.00 | 41.00 | NOTE |
Version: 2.0.4
Check: LazyData
Result: NOTE
'LazyData' is specified without a 'data' directory
Flavors: r-oldrel-macos-arm64, r-oldrel-macos-x86_64, r-oldrel-windows-x86_64
These binaries (installable software) and packages are in development.
They may not be fully stable and should be used with caution. We make no claims about them.