Last updated on 2025-02-02 14:48:24 CET.
Flavor | Version | Tinstall | Tcheck | Ttotal | Status | Flags |
---|---|---|---|---|---|---|
r-devel-linux-x86_64-debian-clang | 0.1.2 | 4.46 | 42.76 | 47.22 | OK | |
r-devel-linux-x86_64-debian-gcc | 0.1.2 | 3.42 | 32.03 | 35.45 | OK | |
r-devel-linux-x86_64-fedora-clang | 0.1.2 | 74.57 | OK | |||
r-devel-linux-x86_64-fedora-gcc | 0.1.2 | 83.35 | OK | |||
r-devel-windows-x86_64 | 0.1.2 | 6.00 | 59.00 | 65.00 | OK | |
r-patched-linux-x86_64 | 0.1.2 | 3.61 | 39.61 | 43.22 | OK | |
r-release-linux-x86_64 | 0.1.2 | 3.92 | 39.32 | 43.24 | OK | |
r-release-macos-arm64 | 0.1.2 | 30.00 | OK | |||
r-release-macos-x86_64 | 0.1.2 | 58.00 | OK | |||
r-release-windows-x86_64 | 0.1.2 | 5.00 | 59.00 | 64.00 | OK | |
r-oldrel-macos-arm64 | 0.1.2 | 6.00 | ERROR | |||
r-oldrel-macos-x86_64 | 0.1.2 | 30.00 | OK | |||
r-oldrel-windows-x86_64 | 0.1.2 | 5.00 | 63.00 | 68.00 | OK |
Version: 0.1.2
Check: package dependencies
Result: ERROR
Package required but not available: ‘Heatplus’
See section ‘The DESCRIPTION file’ in the ‘Writing R Extensions’
manual.
Flavor: r-oldrel-macos-arm64
These binaries (installable software) and packages are in development.
They may not be fully stable and should be used with caution. We make no claims about them.