Last updated on 2025-11-11 15:50:36 CET.
| Flavor | Version | Tinstall | Tcheck | Ttotal | Status | Flags |
|---|---|---|---|---|---|---|
| r-devel-linux-x86_64-debian-clang | 1.6.0 | 9.06 | 317.95 | 327.01 | OK | |
| r-devel-linux-x86_64-debian-gcc | 1.6.0 | 6.18 | 217.01 | 223.19 | OK | |
| r-devel-linux-x86_64-fedora-clang | 1.6.0 | 35.00 | 479.49 | 514.49 | OK | |
| r-devel-linux-x86_64-fedora-gcc | 1.6.0 | 19.00 | 486.43 | 505.43 | OK | |
| r-devel-windows-x86_64 | 1.6.0 | 11.00 | 271.00 | 282.00 | OK | |
| r-patched-linux-x86_64 | 1.6.0 | 8.44 | 302.61 | 311.05 | OK | |
| r-release-linux-x86_64 | 1.6.0 | 8.15 | 307.47 | 315.62 | OK | |
| r-release-macos-arm64 | 1.6.0 | 4.00 | 114.00 | 118.00 | OK | |
| r-release-macos-x86_64 | 1.6.0 | 6.00 | 206.00 | 212.00 | OK | |
| r-release-windows-x86_64 | 1.6.0 | 10.00 | 267.00 | 277.00 | OK | |
| r-oldrel-macos-arm64 | 1.6.0 | 4.00 | 131.00 | 135.00 | NOTE | |
| r-oldrel-macos-x86_64 | 1.6.0 | 6.00 | 205.00 | 211.00 | NOTE | |
| r-oldrel-windows-x86_64 | 1.6.0 | 16.00 | 372.00 | 388.00 | NOTE |
Version: 1.6.0
Check: installed package size
Result: NOTE
installed size is 5.8Mb
sub-directories of 1Mb or more:
doc 5.4Mb
Flavors: r-oldrel-macos-arm64, r-oldrel-macos-x86_64, r-oldrel-windows-x86_64
These binaries (installable software) and packages are in development.
They may not be fully stable and should be used with caution. We make no claims about them.