Last updated on 2025-02-16 08:50:49 CET.
Flavor | Version | Tinstall | Tcheck | Ttotal | Status | Flags |
---|---|---|---|---|---|---|
r-devel-linux-x86_64-debian-clang | 0.4.6 | 24.45 | 247.44 | 271.89 | NOTE | |
r-devel-linux-x86_64-debian-gcc | 0.4.6 | 16.91 | 166.01 | 182.92 | NOTE | |
r-devel-linux-x86_64-fedora-clang | 0.4.6 | 391.69 | NOTE | |||
r-devel-linux-x86_64-fedora-gcc | 0.4.6 | 372.18 | NOTE | |||
r-devel-macos-arm64 | 0.4.6 | 90.00 | NOTE | |||
r-devel-macos-x86_64 | 0.4.6 | 197.00 | NOTE | |||
r-devel-windows-x86_64 | 0.4.6 | 27.00 | 191.00 | 218.00 | NOTE | |
r-patched-linux-x86_64 | 0.4.6 | 28.47 | 195.17 | 223.64 | NOTE | |
r-release-linux-x86_64 | 0.4.6 | 22.47 | 194.18 | 216.65 | NOTE | |
r-release-macos-arm64 | 0.4.6 | 85.00 | NOTE | |||
r-release-macos-x86_64 | 0.4.6 | 134.00 | NOTE | |||
r-release-windows-x86_64 | 0.4.6 | 29.00 | 204.00 | 233.00 | NOTE | |
r-oldrel-macos-arm64 | 0.4.6 | 101.00 | NOTE | |||
r-oldrel-macos-x86_64 | 0.4.6 | 160.00 | NOTE | |||
r-oldrel-windows-x86_64 | 0.4.6 | 33.00 | 237.00 | 270.00 | NOTE |
Version: 0.4.6
Check: C++ specification
Result: NOTE
Specified C++11: please drop specification unless essential
Flavors: r-devel-linux-x86_64-debian-clang, r-devel-linux-x86_64-debian-gcc, r-devel-linux-x86_64-fedora-clang, r-devel-linux-x86_64-fedora-gcc, r-devel-macos-arm64, r-devel-macos-x86_64, r-devel-windows-x86_64, r-patched-linux-x86_64, r-release-linux-x86_64, r-release-macos-arm64, r-release-macos-x86_64, r-release-windows-x86_64, r-oldrel-macos-arm64, r-oldrel-macos-x86_64, r-oldrel-windows-x86_64
Version: 0.4.6
Check: Rd files
Result: NOTE
checkRd: (-1) category.Rd:117-118: Lost braces in \enumerate; meant \describe ?
checkRd: (-1) category.Rd:119-120: Lost braces in \enumerate; meant \describe ?
checkRd: (-1) category.Rd:121: Lost braces in \enumerate; meant \describe ?
checkRd: (-1) category.Rd:122-123: Lost braces in \enumerate; meant \describe ?
Flavors: r-devel-linux-x86_64-debian-clang, r-devel-linux-x86_64-debian-gcc, r-devel-linux-x86_64-fedora-clang, r-devel-linux-x86_64-fedora-gcc, r-devel-macos-arm64, r-devel-macos-x86_64, r-devel-windows-x86_64, r-patched-linux-x86_64, r-release-linux-x86_64, r-release-macos-arm64, r-release-macos-x86_64, r-release-windows-x86_64
Version: 0.4.6
Check: Rd cross-references
Result: NOTE
Found the following Rd file(s) with Rd \link{} targets missing package
anchors:
category.Rd: y
geom_flame.Rd: layer
geom_lolli.Rd: layer
Please provide package anchors for all Rd \link{} targets not in the
package itself and the base packages.
Flavors: r-devel-linux-x86_64-debian-clang, r-devel-linux-x86_64-debian-gcc, r-devel-windows-x86_64
These binaries (installable software) and packages are in development.
They may not be fully stable and should be used with caution. We make no claims about them.