Last updated on 2025-02-21 06:49:42 CET.
Flavor | Version | Tinstall | Tcheck | Ttotal | Status | Flags |
---|---|---|---|---|---|---|
r-devel-linux-x86_64-debian-clang | 0.1.3 | 36.13 | 18.46 | 54.59 | OK | |
r-devel-linux-x86_64-debian-gcc | 0.1.3 | 30.30 | 15.57 | 45.87 | OK | |
r-devel-linux-x86_64-fedora-clang | 0.1.3 | 91.67 | OK | |||
r-devel-linux-x86_64-fedora-gcc | 0.1.3 | 88.32 | OK | |||
r-devel-macos-arm64 | 0.1.3 | 31.00 | OK | |||
r-devel-macos-x86_64 | 0.1.3 | 51.00 | OK | |||
r-devel-windows-x86_64 | 0.1.3 | 45.00 | 57.00 | 102.00 | OK | |
r-patched-linux-x86_64 | 0.1.3 | 36.77 | 17.52 | 54.29 | OK | |
r-release-linux-x86_64 | 0.1.3 | 37.28 | 18.02 | 55.30 | OK | |
r-release-macos-arm64 | 0.1.3 | 41.00 | NOTE | |||
r-release-macos-x86_64 | 0.1.3 | 55.00 | NOTE | |||
r-release-windows-x86_64 | 0.1.3 | 45.00 | 54.00 | 99.00 | OK | |
r-oldrel-macos-arm64 | 0.1.3 | 40.00 | NOTE | |||
r-oldrel-macos-x86_64 | 0.1.3 | 61.00 | NOTE | |||
r-oldrel-windows-x86_64 | 0.1.3 | 51.00 | 92.00 | 143.00 | OK |
Version: 0.1.3
Check: installed package size
Result: NOTE
installed size is 7.4Mb
sub-directories of 1Mb or more:
libs 7.3Mb
Flavors: r-release-macos-arm64, r-release-macos-x86_64, r-oldrel-macos-arm64, r-oldrel-macos-x86_64
These binaries (installable software) and packages are in development.
They may not be fully stable and should be used with caution. We make no claims about them.