Last updated on 2025-10-23 23:49:32 CEST.
| Flavor | Version | Tinstall | Tcheck | Ttotal | Status | Flags |
|---|---|---|---|---|---|---|
| r-devel-linux-x86_64-debian-clang | 1.0.0 | 7.50 | 43.43 | 50.93 | NOTE | |
| r-devel-linux-x86_64-debian-gcc | 1.0.0 | 5.18 | 34.60 | 39.78 | NOTE | |
| r-devel-linux-x86_64-fedora-clang | 1.0.0 | 23.00 | 51.80 | 74.80 | NOTE | |
| r-devel-linux-x86_64-fedora-gcc | 1.0.0 | 20.00 | 49.46 | 69.46 | NOTE | |
| r-devel-windows-x86_64 | 1.0.0 | 9.00 | 59.00 | 68.00 | NOTE | |
| r-patched-linux-x86_64 | 1.0.0 | 8.09 | 41.64 | 49.73 | NOTE | |
| r-release-linux-x86_64 | 1.0.0 | 7.59 | 40.29 | 47.88 | NOTE | |
| r-release-macos-arm64 | 1.0.0 | 6.00 | 29.00 | 35.00 | NOTE | |
| r-release-macos-x86_64 | 1.0.0 | 7.00 | 40.00 | 47.00 | NOTE | |
| r-release-windows-x86_64 | 1.0.0 | 8.00 | 63.00 | 71.00 | NOTE | |
| r-oldrel-macos-arm64 | 1.0.0 | 5.00 | 23.00 | 28.00 | OK | |
| r-oldrel-macos-x86_64 | 1.0.0 | 11.00 | 42.00 | 53.00 | OK | |
| r-oldrel-windows-x86_64 | 1.0.0 | 13.00 | 74.00 | 87.00 | OK |
Version: 1.0.0
Check: DESCRIPTION meta-information
Result: NOTE
Missing dependency on R >= 4.1.0 because package code uses the pipe
|> or function shorthand \(...) syntax added in R 4.1.0.
File(s) using such syntax:
‘predict.heckmange.R’
Flavors: r-devel-linux-x86_64-debian-clang, r-devel-linux-x86_64-debian-gcc, r-devel-linux-x86_64-fedora-clang, r-devel-linux-x86_64-fedora-gcc, r-devel-windows-x86_64, r-patched-linux-x86_64, r-release-linux-x86_64, r-release-macos-arm64, r-release-macos-x86_64, r-release-windows-x86_64
These binaries (installable software) and packages are in development.
They may not be fully stable and should be used with caution. We make no claims about them.