Last updated on 2025-05-01 14:49:12 CEST.
Flavor | Version | Tinstall | Tcheck | Ttotal | Status | Flags |
---|---|---|---|---|---|---|
r-devel-linux-x86_64-debian-clang | 1.0.1 | 1.83 | 26.80 | 28.63 | NOTE | |
r-devel-linux-x86_64-debian-gcc | 1.0.1 | 1.35 | 20.99 | 22.34 | OK | |
r-devel-linux-x86_64-fedora-clang | 1.0.1 | 45.50 | OK | |||
r-devel-linux-x86_64-fedora-gcc | 1.0.1 | 43.62 | OK | |||
r-devel-windows-x86_64 | 1.0.1 | 3.00 | 49.00 | 52.00 | OK | |
r-patched-linux-x86_64 | 1.0.1 | 1.83 | 26.33 | 28.16 | OK | |
r-release-linux-x86_64 | OK | |||||
r-release-macos-arm64 | 1.0.1 | 24.00 | OK | |||
r-release-macos-x86_64 | 1.0.1 | 31.00 | OK | |||
r-release-windows-x86_64 | 1.0.1 | 5.00 | 49.00 | 54.00 | OK | |
r-oldrel-macos-arm64 | 1.0.1 | 23.00 | OK | |||
r-oldrel-macos-x86_64 | 1.0.1 | 33.00 | OK | |||
r-oldrel-windows-x86_64 | 1.0.1 | 3.00 | 48.00 | 51.00 | OK |
Version: 1.0.1
Check: examples
Result: NOTE
Examples with CPU (user + system) or elapsed time > 5s
user system elapsed
hedgedrf 5.797 0.23 7.026
Flavor: r-devel-linux-x86_64-debian-clang
Version: 1.0.1
Check: examples
Result: NA
user system elapsed
hedgedrf 4.073 0.221 5.642
OK
Flavor: r-devel-linux-x86_64-debian-gcc
These binaries (installable software) and packages are in development.
They may not be fully stable and should be used with caution. We make no claims about them.