Last updated on 2025-11-11 15:50:36 CET.
| Flavor | Version | Tinstall | Tcheck | Ttotal | Status | Flags |
|---|---|---|---|---|---|---|
| r-devel-linux-x86_64-debian-clang | 0.0.1 | 20.70 | 21.95 | 42.65 | OK | |
| r-devel-linux-x86_64-debian-gcc | 0.0.1 | 16.49 | 18.37 | 34.86 | OK | |
| r-devel-linux-x86_64-fedora-clang | 0.0.1 | 46.00 | 17.90 | 63.90 | OK | |
| r-devel-linux-x86_64-fedora-gcc | 0.0.1 | 52.00 | 8.70 | 60.70 | OK | |
| r-devel-windows-x86_64 | 0.0.1 | 20.00 | 37.00 | 57.00 | OK | |
| r-patched-linux-x86_64 | 0.0.1 | 19.90 | 19.92 | 39.82 | OK | |
| r-release-linux-x86_64 | 0.0.1 | 21.54 | 19.88 | 41.42 | OK | |
| r-release-macos-arm64 | 0.0.1 | 15.00 | 16.00 | 31.00 | OK | |
| r-release-macos-x86_64 | 0.0.1 | 24.00 | 23.00 | 47.00 | OK | |
| r-release-windows-x86_64 | 0.0.1 | 19.00 | 36.00 | 55.00 | OK | |
| r-oldrel-macos-arm64 | 0.0.1 | 15.00 | 21.00 | 36.00 | NOTE | |
| r-oldrel-macos-x86_64 | 0.0.1 | 19.00 | 28.00 | 47.00 | NOTE | |
| r-oldrel-windows-x86_64 | 0.0.1 | 20.00 | 41.00 | 61.00 | NOTE |
Version: 0.0.1
Check: installed package size
Result: NOTE
installed size is 5.4Mb
sub-directories of 1Mb or more:
data 5.2Mb
Flavors: r-oldrel-macos-arm64, r-oldrel-macos-x86_64, r-oldrel-windows-x86_64
These binaries (installable software) and packages are in development.
They may not be fully stable and should be used with caution. We make no claims about them.