CRAN Package Check Results for Package heiscore.data

Last updated on 2025-05-08 04:52:07 CEST.

Flavor Version Tinstall Tcheck Ttotal Status Flags
r-devel-linux-x86_64-debian-clang 0.0.1 21.45 20.43 41.88 OK
r-devel-linux-x86_64-debian-gcc 0.0.1 16.39 17.06 33.45 OK
r-devel-linux-x86_64-fedora-clang 0.0.1 64.64 OK
r-devel-linux-x86_64-fedora-gcc 0.0.1 63.52 OK
r-devel-windows-x86_64 0.0.1 20.00 39.00 59.00 OK
r-patched-linux-x86_64 0.0.1 21.25 18.26 39.51 OK
r-release-linux-x86_64 0.0.1 20.34 18.14 38.48 OK
r-release-macos-arm64 0.0.1 31.00 OK
r-release-macos-x86_64 0.0.1 47.00 OK
r-release-windows-x86_64 0.0.1 21.00 41.00 62.00 OK
r-oldrel-macos-arm64 0.0.1 36.00 NOTE
r-oldrel-macos-x86_64 0.0.1 47.00 NOTE
r-oldrel-windows-x86_64 0.0.1 20.00 41.00 61.00 NOTE

Check Details

Version: 0.0.1
Check: installed package size
Result: NOTE installed size is 5.4Mb sub-directories of 1Mb or more: data 5.2Mb Flavors: r-oldrel-macos-arm64, r-oldrel-macos-x86_64, r-oldrel-windows-x86_64

These binaries (installable software) and packages are in development.
They may not be fully stable and should be used with caution. We make no claims about them.