Last updated on 2025-05-01 12:49:30 CEST.
Flavor | Version | Tinstall | Tcheck | Ttotal | Status | Flags |
---|---|---|---|---|---|---|
r-devel-linux-x86_64-debian-clang | 1.0.1 | 1.56 | 28.39 | 29.95 | OK | |
r-devel-linux-x86_64-debian-gcc | 1.0.1 | 1.39 | 24.01 | 25.40 | OK | |
r-devel-linux-x86_64-fedora-clang | 1.0.1 | 48.59 | OK | |||
r-devel-linux-x86_64-fedora-gcc | 1.0.1 | 60.50 | OK | |||
r-devel-windows-x86_64 | 1.0.1 | 5.00 | 52.00 | 57.00 | OK | |
r-patched-linux-x86_64 | 1.0.1 | 1.60 | 27.88 | 29.48 | OK | |
r-release-linux-x86_64 | OK | |||||
r-release-macos-arm64 | 1.0.1 | 29.00 | OK | |||
r-release-macos-x86_64 | 1.0.1 | 62.00 | OK | |||
r-release-windows-x86_64 | 1.0.1 | 4.00 | 57.00 | 61.00 | OK | |
r-oldrel-macos-arm64 | 1.0.1 | 31.00 | NOTE | |||
r-oldrel-macos-x86_64 | 1.0.1 | 40.00 | NOTE | |||
r-oldrel-windows-x86_64 | 1.0.1 | 4.00 | 56.00 | 60.00 | NOTE |
Version: 1.0.1
Check: LazyData
Result: NOTE
'LazyData' is specified without a 'data' directory
Flavors: r-oldrel-macos-arm64, r-oldrel-macos-x86_64, r-oldrel-windows-x86_64
These binaries (installable software) and packages are in development.
They may not be fully stable and should be used with caution. We make no claims about them.