Last updated on 2025-02-16 08:50:49 CET.
Flavor | Version | Tinstall | Tcheck | Ttotal | Status | Flags |
---|---|---|---|---|---|---|
r-devel-linux-x86_64-debian-clang | 1.1.2 | 2.06 | 28.34 | 30.40 | NOTE | |
r-devel-linux-x86_64-debian-gcc | 1.1.2 | 2.23 | 22.93 | 25.16 | NOTE | |
r-devel-linux-x86_64-fedora-clang | 1.1.2 | 51.70 | NOTE | |||
r-devel-linux-x86_64-fedora-gcc | 1.1.2 | 47.21 | NOTE | |||
r-devel-macos-arm64 | 1.1.2 | 20.00 | NOTE | |||
r-devel-macos-x86_64 | 1.1.2 | 40.00 | NOTE | |||
r-devel-windows-x86_64 | 1.1.2 | 4.00 | 54.00 | 58.00 | NOTE | |
r-patched-linux-x86_64 | 1.1.2 | 2.55 | 27.08 | 29.63 | NOTE | |
r-release-linux-x86_64 | 1.1.2 | 2.89 | 27.32 | 30.21 | NOTE | |
r-release-macos-arm64 | 1.1.2 | 20.00 | NOTE | |||
r-release-macos-x86_64 | 1.1.2 | 28.00 | NOTE | |||
r-release-windows-x86_64 | 1.1.2 | 4.00 | 59.00 | 63.00 | NOTE | |
r-oldrel-macos-arm64 | 1.1.2 | 21.00 | OK | |||
r-oldrel-macos-x86_64 | 1.1.2 | 28.00 | OK | |||
r-oldrel-windows-x86_64 | 1.1.2 | 5.00 | 54.00 | 59.00 | OK |
Version: 1.1.2
Check: Rd files
Result: NOTE
checkRd: (-1) glm.hermite.Rd:46-48: Lost braces in \itemize; \value handles \item{}{} directly
checkRd: (-1) glm.hermite.Rd:49-51: Lost braces in \itemize; \value handles \item{}{} directly
checkRd: (-1) glm.hermite.Rd:52-54: Lost braces in \itemize; \value handles \item{}{} directly
checkRd: (-1) glm.hermite.Rd:55-58: Lost braces in \itemize; \value handles \item{}{} directly
checkRd: (-1) glm.hermite.Rd:59-60: Lost braces in \itemize; \value handles \item{}{} directly
checkRd: (-1) glm.hermite.Rd:61-65: Lost braces in \itemize; \value handles \item{}{} directly
checkRd: (-1) glm.hermite.Rd:66-67: Lost braces in \itemize; \value handles \item{}{} directly
checkRd: (-1) glm.hermite.Rd:68-69: Lost braces in \itemize; \value handles \item{}{} directly
checkRd: (-1) phermite.Rd:38: Lost braces; missing escapes or markup?
38 | {b} and \code{m} to be lower (or greater) than \code{q}.
| ^
Flavors: r-devel-linux-x86_64-debian-clang, r-devel-linux-x86_64-debian-gcc, r-devel-linux-x86_64-fedora-clang, r-devel-linux-x86_64-fedora-gcc, r-devel-macos-arm64, r-devel-macos-x86_64, r-devel-windows-x86_64, r-patched-linux-x86_64, r-release-linux-x86_64, r-release-macos-arm64, r-release-macos-x86_64, r-release-windows-x86_64
These binaries (installable software) and packages are in development.
They may not be fully stable and should be used with caution. We make no claims about them.