Last updated on 2025-02-16 08:50:49 CET.
Flavor | Version | Tinstall | Tcheck | Ttotal | Status | Flags |
---|---|---|---|---|---|---|
r-devel-linux-x86_64-debian-clang | 2.3.1 | 18.70 | 62.46 | 81.16 | OK | |
r-devel-linux-x86_64-debian-gcc | 2.3.1 | 14.58 | 45.12 | 59.70 | OK | |
r-devel-linux-x86_64-fedora-clang | 2.3.1 | 142.72 | OK | |||
r-devel-linux-x86_64-fedora-gcc | 2.3.1 | 152.42 | OK | |||
r-devel-macos-arm64 | 2.3.1 | 41.00 | OK | |||
r-devel-macos-x86_64 | 2.3.1 | 113.00 | OK | |||
r-devel-windows-x86_64 | 2.3.1 | 22.00 | 100.00 | 122.00 | OK | |
r-patched-linux-x86_64 | 2.3.1 | 20.22 | 58.28 | 78.50 | NOTE | |
r-release-linux-x86_64 | 2.3.1 | 19.32 | 58.59 | 77.91 | NOTE | |
r-release-macos-arm64 | 2.3.1 | 32.00 | NOTE | |||
r-release-macos-x86_64 | 2.3.1 | 62.00 | NOTE | |||
r-release-windows-x86_64 | 2.3.1 | 23.00 | 122.00 | 145.00 | NOTE | |
r-oldrel-macos-arm64 | 2.3.1 | 63.00 | NOTE | |||
r-oldrel-macos-x86_64 | 2.3.1 | 100.00 | NOTE | |||
r-oldrel-windows-x86_64 | 2.3.1 | 25.00 | 138.00 | 163.00 | NOTE |
Version: 2.3.1
Check: for GNU extensions in Makefiles
Result: NOTE
GNU make is a SystemRequirements.
Flavors: r-patched-linux-x86_64, r-release-linux-x86_64, r-release-macos-arm64, r-release-macos-x86_64, r-release-windows-x86_64, r-oldrel-macos-arm64, r-oldrel-macos-x86_64, r-oldrel-windows-x86_64
Version: 2.3.1
Check: installed package size
Result: NOTE
installed size is 5.5Mb
sub-directories of 1Mb or more:
R 1.6Mb
doc 1.9Mb
libs 1.8Mb
Flavors: r-release-macos-arm64, r-release-macos-x86_64, r-oldrel-macos-arm64, r-oldrel-macos-x86_64
These binaries (installable software) and packages are in development.
They may not be fully stable and should be used with caution. We make no claims about them.