Last updated on 2025-02-16 08:50:49 CET.
Flavor | Version | Tinstall | Tcheck | Ttotal | Status | Flags |
---|---|---|---|---|---|---|
r-devel-linux-x86_64-debian-clang | 0.6 | 9.17 | 97.05 | 106.22 | NOTE | |
r-devel-linux-x86_64-debian-gcc | 0.6 | 6.87 | 69.78 | 76.65 | NOTE | |
r-devel-linux-x86_64-fedora-clang | 0.6 | 176.34 | NOTE | |||
r-devel-linux-x86_64-fedora-gcc | 0.6 | 161.12 | NOTE | |||
r-devel-macos-arm64 | 0.6 | 52.00 | NOTE | |||
r-devel-macos-x86_64 | 0.6 | 98.00 | NOTE | |||
r-devel-windows-x86_64 | 0.6 | 11.00 | 118.00 | 129.00 | NOTE | |
r-patched-linux-x86_64 | 0.6 | 10.15 | 91.50 | 101.65 | NOTE | |
r-release-linux-x86_64 | 0.6 | 8.74 | 91.82 | 100.56 | NOTE | |
r-release-macos-arm64 | 0.6 | 52.00 | NOTE | |||
r-release-macos-x86_64 | 0.6 | 81.00 | NOTE | |||
r-release-windows-x86_64 | 0.6 | 11.00 | 115.00 | 126.00 | NOTE | |
r-oldrel-macos-arm64 | 0.6 | 55.00 | NOTE | |||
r-oldrel-macos-x86_64 | 0.6 | 99.00 | NOTE | |||
r-oldrel-windows-x86_64 | 0.6 | 14.00 | 144.00 | 158.00 | OK |
Version: 0.6
Check: Rd files
Result: NOTE
checkRd: (-1) hero.Rd:67-68: Lost braces
67 | then \code{\link[pbapply]{pblapply}} is used. If code{package ==
| ^
checkRd: (-1) hero.Rd:69: Lost braces
69 | code{package == "Rmpi"}, then \code{\link[Rmpi]{mpi.applyLB}} is used.}
| ^
Flavors: r-devel-linux-x86_64-debian-clang, r-devel-linux-x86_64-debian-gcc, r-devel-linux-x86_64-fedora-clang, r-devel-linux-x86_64-fedora-gcc, r-devel-macos-arm64, r-devel-macos-x86_64, r-devel-windows-x86_64, r-patched-linux-x86_64, r-release-linux-x86_64, r-release-macos-arm64, r-release-macos-x86_64, r-release-windows-x86_64
Version: 0.6
Check: package dependencies
Result: NOTE
Package suggested but not available for checking: ‘Rmpi’
Flavors: r-release-macos-arm64, r-release-macos-x86_64, r-oldrel-macos-arm64, r-oldrel-macos-x86_64
Version: 0.6
Check: Rd cross-references
Result: NOTE
Package unavailable to check Rd xrefs: ‘Rmpi’
Flavors: r-release-macos-arm64, r-release-macos-x86_64, r-oldrel-macos-arm64, r-oldrel-macos-x86_64
These binaries (installable software) and packages are in development.
They may not be fully stable and should be used with caution. We make no claims about them.