Last updated on 2025-05-08 04:52:07 CEST.
Flavor | Version | Tinstall | Tcheck | Ttotal | Status | Flags |
---|---|---|---|---|---|---|
r-devel-linux-x86_64-debian-clang | 0.5.5 | 235.45 | 408.22 | 643.67 | OK | |
r-devel-linux-x86_64-debian-gcc | 0.5.5 | 186.28 | 265.41 | 451.69 | OK | |
r-devel-linux-x86_64-fedora-clang | 0.5.5 | 1019.13 | OK | |||
r-devel-linux-x86_64-fedora-gcc | 0.5.5 | 1165.66 | OK | |||
r-devel-windows-x86_64 | 0.5.5 | 277.00 | 443.00 | 720.00 | OK | |
r-patched-linux-x86_64 | 0.5.5 | 266.98 | 353.14 | 620.12 | OK | |
r-release-linux-x86_64 | 0.5.5 | 257.22 | 352.59 | 609.81 | OK | |
r-release-macos-arm64 | 0.5.5 | 258.00 | OK | |||
r-release-macos-x86_64 | 0.5.5 | 455.00 | OK | |||
r-release-windows-x86_64 | 0.5.5 | 268.00 | 441.00 | 709.00 | OK | |
r-oldrel-macos-arm64 | 0.5.5 | 257.00 | NOTE | |||
r-oldrel-macos-x86_64 | 0.5.5 | 425.00 | NOTE | |||
r-oldrel-windows-x86_64 | 0.5.5 | 337.00 | 548.00 | 885.00 | NOTE |
Version: 0.5.5
Check: installed package size
Result: NOTE
installed size is 23.8Mb
sub-directories of 1Mb or more:
doc 2.2Mb
libs 19.7Mb
Flavors: r-oldrel-macos-arm64, r-oldrel-macos-x86_64, r-oldrel-windows-x86_64
These binaries (installable software) and packages are in development.
They may not be fully stable and should be used with caution. We make no claims about them.