Last updated on 2025-02-02 14:48:24 CET.
Flavor | Version | Tinstall | Tcheck | Ttotal | Status | Flags |
---|---|---|---|---|---|---|
r-devel-linux-x86_64-debian-clang | 0.5.5 | 240.28 | 392.43 | 632.71 | OK | |
r-devel-linux-x86_64-debian-gcc | 0.5.5 | 188.99 | 274.70 | 463.69 | OK | |
r-devel-linux-x86_64-fedora-clang | 0.5.5 | 1056.33 | OK | |||
r-devel-linux-x86_64-fedora-gcc | 0.5.5 | 1141.22 | OK | |||
r-devel-windows-x86_64 | 0.5.5 | 254.00 | 423.00 | 677.00 | OK | |
r-patched-linux-x86_64 | 0.5.5 | 267.73 | 351.15 | 618.88 | OK | |
r-release-linux-x86_64 | 0.5.5 | 258.36 | 348.51 | 606.87 | OK | |
r-release-macos-arm64 | 0.5.5 | 257.00 | NOTE | |||
r-release-macos-x86_64 | 0.5.5 | 425.00 | NOTE | |||
r-release-windows-x86_64 | 0.5.5 | 254.00 | 423.00 | 677.00 | NOTE | |
r-oldrel-macos-arm64 | 0.5.5 | 262.00 | NOTE | |||
r-oldrel-macos-x86_64 | 0.5.5 | 405.00 | NOTE | |||
r-oldrel-windows-x86_64 | 0.5.5 | 310.00 | 505.00 | 815.00 | NOTE |
Version: 0.5.5
Check: installed package size
Result: NOTE
installed size is 23.8Mb
sub-directories of 1Mb or more:
doc 2.2Mb
libs 19.7Mb
Flavors: r-release-macos-arm64, r-release-macos-x86_64, r-release-windows-x86_64, r-oldrel-macos-arm64, r-oldrel-macos-x86_64, r-oldrel-windows-x86_64
These binaries (installable software) and packages are in development.
They may not be fully stable and should be used with caution. We make no claims about them.