CRAN Package Check Results for Package heterogen

Last updated on 2025-10-23 21:51:29 CEST.

Flavor Version Tinstall Tcheck Ttotal Status Flags
r-devel-linux-x86_64-debian-clang 1.2.33 63.13 183.58 246.71 OK
r-devel-linux-x86_64-debian-gcc 1.2.33 42.50 110.16 152.66 OK
r-devel-linux-x86_64-fedora-clang 1.2.33 234.00 207.05 441.05 OK
r-devel-linux-x86_64-fedora-gcc 1.2.33 132.00 242.69 374.69 OK
r-devel-windows-x86_64 1.2.33 71.00 160.00 231.00 OK
r-patched-linux-x86_64 1.2.33 60.93 176.66 237.59 OK
r-release-linux-x86_64 1.2.33 61.18 176.46 237.64 OK
r-release-macos-arm64 1.2.33 23.00 58.00 81.00 OK
r-release-macos-x86_64 1.2.33 32.00 126.00 158.00 OK
r-release-windows-x86_64 1.2.33 71.00 163.00 234.00 OK
r-oldrel-macos-arm64 1.2.33 27.00 57.00 84.00 NOTE
r-oldrel-macos-x86_64 1.2.33 26.00 94.00 120.00 NOTE
r-oldrel-windows-x86_64 1.2.33 88.00 224.00 312.00 OK

Check Details

Version: 1.2.33
Check: installed package size
Result: NOTE installed size is 6.0Mb sub-directories of 1Mb or more: extdata 2.6Mb libs 3.3Mb Flavors: r-oldrel-macos-arm64, r-oldrel-macos-x86_64

These binaries (installable software) and packages are in development.
They may not be fully stable and should be used with caution. We make no claims about them.