Last updated on 2025-05-01 08:52:35 CEST.
Flavor | Version | Tinstall | Tcheck | Ttotal | Status | Flags |
---|---|---|---|---|---|---|
r-devel-linux-x86_64-debian-clang | 1.2.33 | 62.50 | 184.85 | 247.35 | OK | |
r-devel-linux-x86_64-debian-gcc | 1.2.33 | 41.17 | 115.46 | 156.63 | OK | |
r-devel-linux-x86_64-fedora-clang | 1.2.33 | 486.22 | OK | |||
r-devel-linux-x86_64-fedora-gcc | 1.2.33 | 393.56 | OK | |||
r-devel-windows-x86_64 | 1.2.33 | 70.00 | 171.00 | 241.00 | OK | |
r-patched-linux-x86_64 | 1.2.33 | 60.62 | 173.14 | 233.76 | OK | |
r-release-linux-x86_64 | OK | |||||
r-release-macos-arm64 | 1.2.33 | 81.00 | OK | |||
r-release-macos-x86_64 | 1.2.33 | 158.00 | OK | |||
r-release-windows-x86_64 | 1.2.33 | 69.00 | 179.00 | 248.00 | OK | |
r-oldrel-macos-arm64 | 1.2.33 | 84.00 | NOTE | |||
r-oldrel-macos-x86_64 | 1.2.33 | 120.00 | NOTE | |||
r-oldrel-windows-x86_64 | 1.2.33 | 86.00 | 224.00 | 310.00 | OK |
Version: 1.2.33
Check: installed package size
Result: NOTE
installed size is 6.0Mb
sub-directories of 1Mb or more:
extdata 2.6Mb
libs 3.3Mb
Flavors: r-oldrel-macos-arm64, r-oldrel-macos-x86_64
These binaries (installable software) and packages are in development.
They may not be fully stable and should be used with caution. We make no claims about them.