CRAN Package Check Results for Package hetsurr

Last updated on 2025-10-03 13:49:36 CEST.

Flavor Version Tinstall Tcheck Ttotal Status Flags
r-devel-linux-x86_64-debian-clang 1.0 6.66 60.99 67.65 NOTE
r-devel-linux-x86_64-debian-gcc 1.0 4.91 46.80 51.71 NOTE
r-devel-linux-x86_64-fedora-clang 1.0 99.24 OK
r-devel-linux-x86_64-fedora-gcc 1.0 109.11 OK
r-devel-windows-x86_64 1.0 8.00 76.00 84.00 OK
r-patched-linux-x86_64 1.0 6.66 58.07 64.73 OK
r-release-linux-x86_64 1.0 6.35 58.85 65.20 OK
r-release-macos-arm64 1.0 38.00 OK
r-release-macos-x86_64 1.0 64.00 OK
r-release-windows-x86_64 1.0 8.00 76.00 84.00 OK
r-oldrel-macos-arm64 1.0 34.00 OK
r-oldrel-macos-x86_64 1.0 47.00 OK
r-oldrel-windows-x86_64 1.0 9.00 92.00 101.00 OK

Check Details

Version: 1.0
Check: CRAN incoming feasibility
Result: NOTE Maintainer: ‘Layla Parast <parast@austin.utexas.edu>’ No Authors@R field in DESCRIPTION. Please add one, modifying Authors@R: person(given = "Layla", family = "Parast", role = c("aut", "cre"), email = "parast@austin.utexas.edu") as necessary. Flavors: r-devel-linux-x86_64-debian-clang, r-devel-linux-x86_64-debian-gcc

These binaries (installable software) and packages are in development.
They may not be fully stable and should be used with caution. We make no claims about them.