CRAN Package Check Results for Package hetsurr

Last updated on 2025-05-01 17:56:05 CEST.

Flavor Version Tinstall Tcheck Ttotal Status Flags
r-devel-linux-x86_64-debian-clang 1.0 6.68 59.44 66.12 NOTE
r-devel-linux-x86_64-debian-gcc 1.0 5.23 45.30 50.53 NOTE
r-devel-linux-x86_64-fedora-clang 1.0 102.43 OK
r-devel-linux-x86_64-fedora-gcc 1.0 104.99 OK
r-devel-windows-x86_64 1.0 6.00 81.00 87.00 OK
r-patched-linux-x86_64 1.0 6.81 57.39 64.20 OK
r-release-linux-x86_64 OK
r-release-macos-arm64 1.0 38.00 OK
r-release-macos-x86_64 1.0 64.00 OK
r-release-windows-x86_64 1.0 8.00 86.00 94.00 OK
r-oldrel-macos-arm64 1.0 34.00 OK
r-oldrel-macos-x86_64 1.0 47.00 OK
r-oldrel-windows-x86_64 1.0 9.00 88.00 97.00 OK

Check Details

Version: 1.0
Check: CRAN incoming feasibility
Result: NOTE Maintainer: ‘Layla Parast <parast@austin.utexas.edu>’ No Authors@R field in DESCRIPTION. Please add one, modifying Authors@R: person(given = "Layla", family = "Parast", role = c("aut", "cre"), email = "parast@austin.utexas.edu") as necessary. Flavors: r-devel-linux-x86_64-debian-clang, r-devel-linux-x86_64-debian-gcc

Version: 1.0
Check: examples
Result: NOTE Examples with CPU (user + system) or elapsed time > 5s user system elapsed hetsurr.fun 5.431 0.212 6.696 Flavor: r-devel-linux-x86_64-debian-clang

Version: 1.0
Check: examples
Result: NA user system elapsed hetsurr.fun 4.154 0.193 5.007 OK Flavor: r-devel-linux-x86_64-debian-gcc

These binaries (installable software) and packages are in development.
They may not be fully stable and should be used with caution. We make no claims about them.