CRAN Package Check Results for Package hettest

Last updated on 2025-07-01 11:49:20 CEST.

Flavor Version Tinstall Tcheck Ttotal Status Flags
r-devel-linux-x86_64-debian-clang 1.0 1.91 19.41 21.32 NOTE
r-devel-linux-x86_64-debian-gcc 1.0 1.45 16.37 17.82 NOTE
r-devel-linux-x86_64-fedora-clang 1.0 32.43 OK
r-devel-linux-x86_64-fedora-gcc 1.0 31.22 OK
r-devel-windows-x86_64 1.0 3.00 43.00 46.00 OK
r-patched-linux-x86_64 OK
r-release-linux-x86_64 1.0 1.71 18.36 20.07 OK
r-release-macos-arm64 1.0 14.00 OK
r-release-macos-x86_64 1.0 24.00 OK
r-release-windows-x86_64 1.0 3.00 45.00 48.00 OK
r-oldrel-macos-arm64 1.0 15.00 OK
r-oldrel-macos-x86_64 1.0 20.00 OK
r-oldrel-windows-x86_64 1.0 3.00 40.00 43.00 OK

Check Details

Version: 1.0
Check: CRAN incoming feasibility
Result: NOTE Maintainer: ‘Layla Parast <parast@austin.utexas.edu>’ The Description field contains are described in Parast et al (2022) <arXiv:2209.08315>. Please refer to arXiv e-prints via their arXiv DOI <doi:10.48550/arXiv.YYMM.NNNNN>. Flavors: r-devel-linux-x86_64-debian-clang, r-devel-linux-x86_64-debian-gcc

These binaries (installable software) and packages are in development.
They may not be fully stable and should be used with caution. We make no claims about them.