CRAN Package Check Results for Package hexSticker

Last updated on 2025-05-08 04:52:07 CEST.

Flavor Version Tinstall Tcheck Ttotal Status Flags
r-devel-linux-x86_64-debian-clang 0.4.9 7.84 52.24 60.08 OK
r-devel-linux-x86_64-debian-gcc 0.4.9 4.54 39.09 43.63 OK
r-devel-linux-x86_64-fedora-clang 0.4.9 84.47 OK
r-devel-linux-x86_64-fedora-gcc 0.4.9 88.60 OK
r-devel-windows-x86_64 0.4.9 9.00 67.00 76.00 OK
r-patched-linux-x86_64 0.4.9 4.89 49.37 54.26 OK
r-release-linux-x86_64 0.4.9 6.83 50.38 57.21 OK
r-release-macos-arm64 0.4.9 30.00 OK
r-release-macos-x86_64 0.4.9 50.00 OK
r-release-windows-x86_64 0.4.9 9.00 68.00 77.00 OK
r-oldrel-macos-arm64 0.4.9 27.00 NOTE
r-oldrel-macos-x86_64 0.4.9 43.00 NOTE
r-oldrel-windows-x86_64 0.4.9 10.00 79.00 89.00 NOTE

Check Details

Version: 0.4.9
Check: LazyData
Result: NOTE 'LazyData' is specified without a 'data' directory Flavors: r-oldrel-macos-arm64, r-oldrel-macos-x86_64, r-oldrel-windows-x86_64

These binaries (installable software) and packages are in development.
They may not be fully stable and should be used with caution. We make no claims about them.