Last updated on 2025-10-23 17:50:50 CEST.
Flavor | Version | Tinstall | Tcheck | Ttotal | Status | Flags |
---|---|---|---|---|---|---|
r-devel-linux-x86_64-debian-clang | 0.1.1 | 2.57 | 28.79 | 31.36 | NOTE | |
r-devel-linux-x86_64-debian-gcc | 0.1.1 | 1.66 | 23.46 | 25.12 | OK | |
r-devel-linux-x86_64-fedora-clang | 0.1.1 | 45.60 | OK | |||
r-devel-linux-x86_64-fedora-gcc | 0.1.1 | 41.24 | OK | |||
r-devel-windows-x86_64 | 0.1.1 | 5.00 | 50.00 | 55.00 | OK | |
r-patched-linux-x86_64 | 0.1.1 | 2.26 | 26.64 | 28.90 | OK | |
r-release-linux-x86_64 | 0.1.1 | 2.27 | 26.80 | 29.07 | OK | |
r-release-macos-arm64 | 0.1.1 | 1.00 | 20.00 | 21.00 | OK | |
r-release-macos-x86_64 | 0.1.1 | 2.00 | 31.00 | 33.00 | OK | |
r-release-windows-x86_64 | 0.1.1 | 4.00 | 52.00 | 56.00 | OK | |
r-oldrel-macos-arm64 | 0.1.1 | 1.00 | 22.00 | 23.00 | OK | |
r-oldrel-macos-x86_64 | 0.1.1 | 2.00 | 27.00 | 29.00 | OK | |
r-oldrel-windows-x86_64 | 0.1.1 | 5.00 | 56.00 | 61.00 | OK |
Version: 0.1.1
Check: HTML version of manual
Result: NOTE
Found the following HTML validation problems:
hub_snapshot.html:85:1 (hub_snapshot.Rd:35): Warning: missing </ul> before </div>
Flavor: r-devel-linux-x86_64-debian-clang
These binaries (installable software) and packages are in development.
They may not be fully stable and should be used with caution. We make no claims about them.