Last updated on 2025-05-23 01:50:58 CEST.
Flavor | Version | Tinstall | Tcheck | Ttotal | Status | Flags |
---|---|---|---|---|---|---|
r-devel-linux-x86_64-debian-clang | 0.7.1 | 5.50 | 50.63 | 56.13 | NOTE | |
r-devel-linux-x86_64-debian-gcc | 0.7.1 | 3.59 | 36.86 | 40.45 | NOTE | |
r-devel-linux-x86_64-fedora-clang | 0.7.1 | 91.75 | OK | |||
r-devel-linux-x86_64-fedora-gcc | 0.7.1 | 83.58 | OK | |||
r-devel-windows-x86_64 | 0.7.1 | 9.00 | 108.00 | 117.00 | OK | |
r-patched-linux-x86_64 | 0.7.1 | 5.60 | 48.00 | 53.60 | OK | |
r-release-linux-x86_64 | 0.7.1 | 4.87 | 48.62 | 53.49 | OK | |
r-release-macos-arm64 | 0.7.1 | 27.00 | OK | |||
r-release-macos-x86_64 | 0.7.1 | 48.00 | OK | |||
r-release-windows-x86_64 | 0.7.1 | 9.00 | 97.00 | 106.00 | OK | |
r-oldrel-macos-arm64 | 0.7.1 | 25.00 | OK | |||
r-oldrel-macos-x86_64 | 0.7.1 | 54.00 | OK | |||
r-oldrel-windows-x86_64 | 0.7.1 | 9.00 | 77.00 | 86.00 | OK |
Version: 0.7.1
Check: CRAN incoming feasibility
Result: NOTE
Maintainer: ‘Johann Pfitzinger <johann.pfitzinger@gmail.com>’
No Authors@R field in DESCRIPTION.
Please add one, modifying
Authors@R: person(given = "Johann",
family = "Pfitzinger",
role = c("aut", "cre"),
email = "johann.pfitzinger@gmail.com")
as necessary.
Flavors: r-devel-linux-x86_64-debian-clang, r-devel-linux-x86_64-debian-gcc
These binaries (installable software) and packages are in development.
They may not be fully stable and should be used with caution. We make no claims about them.