Last updated on 2025-10-24 01:50:28 CEST.
| Flavor | Version | Tinstall | Tcheck | Ttotal | Status | Flags |
|---|---|---|---|---|---|---|
| r-devel-linux-x86_64-debian-clang | 0.7.1 | 6.23 | 60.81 | 67.04 | NOTE | |
| r-devel-linux-x86_64-debian-gcc | 0.7.1 | 4.22 | 44.16 | 48.38 | NOTE | |
| r-devel-linux-x86_64-fedora-clang | 0.7.1 | 16.00 | 88.83 | 104.83 | OK | |
| r-devel-linux-x86_64-fedora-gcc | 0.7.1 | 12.00 | 80.69 | 92.69 | OK | |
| r-devel-windows-x86_64 | 0.7.1 | 10.00 | 70.00 | 80.00 | OK | |
| r-patched-linux-x86_64 | 0.7.1 | 5.74 | 56.50 | 62.24 | OK | |
| r-release-linux-x86_64 | 0.7.1 | 5.66 | 56.76 | 62.42 | OK | |
| r-release-macos-arm64 | 0.7.1 | 3.00 | 24.00 | 27.00 | OK | |
| r-release-macos-x86_64 | 0.7.1 | 5.00 | 43.00 | 48.00 | OK | |
| r-release-windows-x86_64 | 0.7.1 | 9.00 | 72.00 | 81.00 | OK | |
| r-oldrel-macos-arm64 | 0.7.1 | 3.00 | 22.00 | 25.00 | OK | |
| r-oldrel-macos-x86_64 | 0.7.1 | 6.00 | 48.00 | 54.00 | OK | |
| r-oldrel-windows-x86_64 | 0.7.1 | 11.00 | 89.00 | 100.00 | OK |
Version: 0.7.1
Check: CRAN incoming feasibility
Result: NOTE
Maintainer: ‘Johann Pfitzinger <johann.pfitzinger@gmail.com>’
No Authors@R field in DESCRIPTION.
Please add one, modifying
Authors@R: person(given = "Johann",
family = "Pfitzinger",
role = c("aut", "cre"),
email = "johann.pfitzinger@gmail.com")
as necessary.
Flavors: r-devel-linux-x86_64-debian-clang, r-devel-linux-x86_64-debian-gcc
These binaries (installable software) and packages are in development.
They may not be fully stable and should be used with caution. We make no claims about them.