Last updated on 2025-07-01 15:49:50 CEST.
Flavor | Version | Tinstall | Tcheck | Ttotal | Status | Flags |
---|---|---|---|---|---|---|
r-devel-linux-x86_64-debian-clang | 2.2-1 | 8.66 | 76.42 | 85.08 | NOTE | |
r-devel-linux-x86_64-debian-gcc | 2.2-1 | 6.10 | 57.49 | 63.59 | NOTE | |
r-devel-linux-x86_64-fedora-clang | 2.2-1 | 138.91 | OK | |||
r-devel-linux-x86_64-fedora-gcc | 2.2-1 | 131.56 | OK | |||
r-devel-windows-x86_64 | 2.2-1 | 11.00 | 102.00 | 113.00 | OK | |
r-patched-linux-x86_64 | OK | |||||
r-release-linux-x86_64 | 2.2-1 | 8.44 | 71.75 | 80.19 | OK | |
r-release-macos-arm64 | 2.2-1 | 53.00 | OK | |||
r-release-macos-x86_64 | 2.2-1 | 95.00 | OK | |||
r-release-windows-x86_64 | 2.2-1 | 9.00 | 95.00 | 104.00 | OK | |
r-oldrel-macos-arm64 | 2.2-1 | 43.00 | OK | |||
r-oldrel-macos-x86_64 | 2.2-1 | 70.00 | OK | |||
r-oldrel-windows-x86_64 | 2.2-1 | 13.00 | 108.00 | 121.00 | OK |
Version: 2.2-1
Check: CRAN incoming feasibility
Result: NOTE
Maintainer: ‘Xia Shen <xia.shen@ki.se>’
No Authors@R field in DESCRIPTION.
Please add one, modifying
Authors@R: c(person(given = "Moudud",
family = "Alam",
role = "aut"),
person(given = "Lars",
family = "Ronnegard",
role = "aut"),
person(given = "Xia",
family = "Shen",
role = c("aut", "cre"),
email = "xia.shen@ki.se"))
as necessary.
Package CITATION file contains call(s) to old-style personList() or
as.personList(). Please use c() on person objects instead.
Package CITATION file contains call(s) to old-style citEntry(). Please
use bibentry() instead.
Flavors: r-devel-linux-x86_64-debian-clang, r-devel-linux-x86_64-debian-gcc
These binaries (installable software) and packages are in development.
They may not be fully stable and should be used with caution. We make no claims about them.