Last updated on 2025-02-02 16:49:09 CET.
Flavor | Version | Tinstall | Tcheck | Ttotal | Status | Flags |
---|---|---|---|---|---|---|
r-devel-linux-x86_64-debian-clang | 0.1.4 | 3.43 | 31.12 | 34.55 | NOTE | |
r-devel-linux-x86_64-debian-gcc | 0.1.4 | 2.51 | 24.40 | 26.91 | NOTE | |
r-devel-linux-x86_64-fedora-clang | 0.1.4 | 56.95 | NOTE | |||
r-devel-linux-x86_64-fedora-gcc | 0.1.4 | 54.83 | NOTE | |||
r-devel-windows-x86_64 | 0.1.4 | 6.00 | 50.00 | 56.00 | NOTE | |
r-patched-linux-x86_64 | 0.1.4 | 3.80 | 30.00 | 33.80 | OK | |
r-release-linux-x86_64 | 0.1.4 | 3.59 | 29.64 | 33.23 | OK | |
r-release-macos-arm64 | 0.1.4 | 25.00 | OK | |||
r-release-macos-x86_64 | 0.1.4 | 34.00 | OK | |||
r-release-windows-x86_64 | 0.1.4 | 6.00 | 52.00 | 58.00 | OK | |
r-oldrel-macos-arm64 | 0.1.4 | 23.00 | OK | |||
r-oldrel-macos-x86_64 | 0.1.4 | 37.00 | OK | |||
r-oldrel-windows-x86_64 | 0.1.4 | 6.00 | 54.00 | 60.00 | OK |
Version: 0.1.4
Check: DESCRIPTION meta-information
Result: NOTE
Missing dependency on R >= 4.1.0 because package code uses the pipe
|> or function shorthand \(...) syntax added in R 4.1.0.
File(s) using such syntax:
‘ftp_ls.R’
Flavors: r-devel-linux-x86_64-debian-clang, r-devel-linux-x86_64-debian-gcc, r-devel-linux-x86_64-fedora-clang, r-devel-linux-x86_64-fedora-gcc, r-devel-windows-x86_64
These binaries (installable software) and packages are in development.
They may not be fully stable and should be used with caution. We make no claims about them.