CRAN Package Check Results for Package hgnc

Last updated on 2025-05-21 23:48:45 CEST.

Flavor Version Tinstall Tcheck Ttotal Status Flags
r-devel-linux-x86_64-debian-clang 0.1.4 3.69 33.48 37.17 NOTE
r-devel-linux-x86_64-debian-gcc 0.1.4 2.39 26.27 28.66 NOTE
r-devel-linux-x86_64-fedora-clang 0.1.4 56.09 NOTE
r-devel-linux-x86_64-fedora-gcc 0.1.4 51.84 NOTE
r-devel-windows-x86_64 0.1.4 5.00 58.00 63.00 NOTE
r-patched-linux-x86_64 0.1.4 3.47 30.39 33.86 NOTE
r-release-linux-x86_64 0.1.4 3.59 30.24 33.83 NOTE
r-release-macos-arm64 0.1.4 23.00 NOTE
r-release-macos-x86_64 0.1.4 35.00 NOTE
r-release-windows-x86_64 0.1.4 5.00 51.00 56.00 NOTE
r-oldrel-macos-arm64 0.1.4 25.00 OK
r-oldrel-macos-x86_64 0.1.4 34.00 OK
r-oldrel-windows-x86_64 0.1.4 7.00 58.00 65.00 OK

Check Details

Version: 0.1.4
Check: DESCRIPTION meta-information
Result: NOTE Missing dependency on R >= 4.1.0 because package code uses the pipe |> or function shorthand \(...) syntax added in R 4.1.0. File(s) using such syntax: ‘ftp_ls.R’ Flavors: r-devel-linux-x86_64-debian-clang, r-devel-linux-x86_64-debian-gcc, r-devel-linux-x86_64-fedora-clang, r-devel-linux-x86_64-fedora-gcc, r-devel-windows-x86_64, r-patched-linux-x86_64, r-release-linux-x86_64, r-release-macos-arm64, r-release-macos-x86_64, r-release-windows-x86_64

These binaries (installable software) and packages are in development.
They may not be fully stable and should be used with caution. We make no claims about them.