Last updated on 2024-06-22 19:58:06 CEST.
Flavor | Version | Tinstall | Tcheck | Ttotal | Status | Flags |
---|---|---|---|---|---|---|
r-devel-linux-x86_64-debian-clang | 3.0.3 | 243.79 | 94.37 | 338.16 | OK | |
r-devel-linux-x86_64-debian-gcc | 3.0.3 | 172.02 | 70.54 | 242.56 | OK | |
r-devel-linux-x86_64-fedora-clang | 3.0.3 | 457.38 | OK | |||
r-devel-linux-x86_64-fedora-gcc | 3.0.3 | 497.70 | OK | |||
r-devel-windows-x86_64 | 3.0.3 | 190.00 | 109.00 | 299.00 | OK | |
r-patched-linux-x86_64 | 3.0.3 | 223.29 | 90.78 | 314.07 | OK | |
r-release-linux-x86_64 | 3.0.3 | 196.36 | 89.57 | 285.93 | OK | |
r-release-macos-arm64 | 3.0.3 | 90.00 | NOTE | |||
r-release-macos-x86_64 | 3.0.3 | 98.00 | NOTE | |||
r-release-windows-x86_64 | 3.0.3 | 193.00 | 111.00 | 304.00 | OK | |
r-oldrel-macos-arm64 | 3.0.3 | 97.00 | NOTE | |||
r-oldrel-macos-x86_64 | 3.0.3 | 140.00 | NOTE | |||
r-oldrel-windows-x86_64 | 3.0.3 | 224.00 | 132.00 | 356.00 | OK |
Version: 3.0.3
Check: installed package size
Result: NOTE
installed size is 10.9Mb
sub-directories of 1Mb or more:
libs 10.4Mb
Flavors: r-release-macos-arm64, r-release-macos-x86_64, r-oldrel-macos-arm64, r-oldrel-macos-x86_64
These binaries (installable software) and packages are in development.
They may not be fully stable and should be used with caution. We make no claims about them.