Last updated on 2024-07-27 15:50:20 CEST.
Flavor | Version | Tinstall | Tcheck | Ttotal | Status | Flags |
---|---|---|---|---|---|---|
r-devel-linux-x86_64-debian-clang | 3.0.3 | 223.05 | 94.06 | 317.11 | OK | |
r-devel-linux-x86_64-debian-gcc | 3.0.3 | OK | ||||
r-devel-linux-x86_64-fedora-clang | 3.0.3 | 453.49 | OK | |||
r-devel-linux-x86_64-fedora-gcc | 3.0.3 | 447.65 | OK | |||
r-devel-windows-x86_64 | 3.0.3 | 169.00 | 111.00 | 280.00 | OK | |
r-patched-linux-x86_64 | 3.0.3 | OK | ||||
r-release-linux-x86_64 | 3.0.3 | 180.13 | 90.54 | 270.67 | OK | |
r-release-macos-arm64 | 3.0.3 | 90.00 | NOTE | |||
r-release-macos-x86_64 | 3.0.3 | 98.00 | NOTE | |||
r-release-windows-x86_64 | 3.0.3 | 191.00 | 111.00 | 302.00 | OK | |
r-oldrel-macos-arm64 | 3.0.3 | 97.00 | NOTE | |||
r-oldrel-macos-x86_64 | 3.0.3 | 140.00 | NOTE | |||
r-oldrel-windows-x86_64 | 3.0.3 | 195.00 | 127.00 | 322.00 | OK |
Version: 3.0.3
Check: installed package size
Result: NOTE
installed size is 10.9Mb
sub-directories of 1Mb or more:
libs 10.4Mb
Flavors: r-release-macos-arm64, r-release-macos-x86_64, r-oldrel-macos-arm64, r-oldrel-macos-x86_64
These binaries (installable software) and packages are in development.
They may not be fully stable and should be used with caution. We make no claims about them.