CRAN Package Check Results for Package hiddenf

Last updated on 2025-05-08 04:52:07 CEST.

Flavor Version Tinstall Tcheck Ttotal Status Flags
r-devel-linux-x86_64-debian-clang 2.0 2.25 29.80 32.05 NOTE
r-devel-linux-x86_64-debian-gcc 2.0 1.80 22.83 24.63 NOTE
r-devel-linux-x86_64-fedora-clang 2.0 50.88 OK
r-devel-linux-x86_64-fedora-gcc 2.0 49.03 OK
r-devel-windows-x86_64 2.0 4.00 53.00 57.00 OK
r-patched-linux-x86_64 2.0 2.58 29.28 31.86 OK
r-release-linux-x86_64 2.0 2.32 28.80 31.12 OK
r-release-macos-arm64 2.0 20.00 OK
r-release-macos-x86_64 2.0 36.00 OK
r-release-windows-x86_64 2.0 3.00 55.00 58.00 OK
r-oldrel-macos-arm64 2.0 18.00 OK
r-oldrel-macos-x86_64 2.0 27.00 OK
r-oldrel-windows-x86_64 2.0 3.00 49.00 52.00 OK

Check Details

Version: 2.0
Check: CRAN incoming feasibility
Result: NOTE Maintainer: ‘Jason A. Osborne <jaosborn@ncsu.edu>’ No Authors@R field in DESCRIPTION. Please add one, modifying Authors@R: c(person(given = c("Jason", "A."), family = "Osborne", role = c("aut", "cre"), email = "jaosborn@ncsu.edu"), person(given = c("Christopher", "T."), family = "Franck", role = "aut"), person(given = "Bongseog", family = "Choi", role = "aut")) as necessary. Flavors: r-devel-linux-x86_64-debian-clang, r-devel-linux-x86_64-debian-gcc

These binaries (installable software) and packages are in development.
They may not be fully stable and should be used with caution. We make no claims about them.