Last updated on 2025-02-16 08:50:49 CET.
Flavor | Version | Tinstall | Tcheck | Ttotal | Status | Flags |
---|---|---|---|---|---|---|
r-devel-linux-x86_64-debian-clang | 1.1.0 | 2.91 | 110.44 | 113.35 | NOTE | |
r-devel-linux-x86_64-debian-gcc | 1.1.0 | 2.22 | 77.48 | 79.70 | NOTE | |
r-devel-linux-x86_64-fedora-clang | 1.1.0 | 183.96 | NOTE | |||
r-devel-linux-x86_64-fedora-gcc | 1.1.0 | 186.86 | NOTE | |||
r-devel-macos-arm64 | 1.1.0 | 56.00 | OK | |||
r-devel-macos-x86_64 | 1.1.0 | 100.00 | NOTE | |||
r-devel-windows-x86_64 | 1.1.0 | 6.00 | 106.00 | 112.00 | NOTE | |
r-patched-linux-x86_64 | 1.1.0 | 3.13 | 106.00 | 109.13 | OK | |
r-release-linux-x86_64 | 1.1.0 | 3.27 | 104.39 | 107.66 | OK | |
r-release-macos-arm64 | 1.1.0 | 51.00 | OK | |||
r-release-macos-x86_64 | 1.1.0 | 78.00 | OK | |||
r-release-windows-x86_64 | 1.1.0 | 6.00 | 116.00 | 122.00 | OK | |
r-oldrel-macos-arm64 | 1.1.0 | 54.00 | OK | |||
r-oldrel-macos-x86_64 | 1.1.0 | 87.00 | OK | |||
r-oldrel-windows-x86_64 | 1.1.0 | 6.00 | 124.00 | 130.00 | OK |
Version: 1.1.0
Check: DESCRIPTION meta-information
Result: NOTE
Missing dependency on R >= 4.1.0 because package code uses the pipe
|> or function shorthand \(...) syntax added in R 4.1.0.
File(s) using such syntax:
‘apply_threshold.R’ ‘compute_chromosomes_length.R’
‘create_hidecan_plot.R’ ‘gwaspoly_helper_functions.R’
‘input_data_constructors.R’
Flavors: r-devel-linux-x86_64-debian-clang, r-devel-linux-x86_64-debian-gcc, r-devel-linux-x86_64-fedora-clang, r-devel-linux-x86_64-fedora-gcc, r-devel-macos-x86_64, r-devel-windows-x86_64
These binaries (installable software) and packages are in development.
They may not be fully stable and should be used with caution. We make no claims about them.