Last updated on 2024-07-27 15:50:20 CEST.
Flavor | Version | Tinstall | Tcheck | Ttotal | Status | Flags |
---|---|---|---|---|---|---|
r-devel-linux-x86_64-debian-clang | 0.5-11 | 6.80 | 195.19 | 201.99 | NOTE | |
r-devel-linux-x86_64-debian-gcc | 0.5-11 | NOTE | ||||
r-devel-linux-x86_64-fedora-clang | 0.5-11 | 256.77 | NOTE | |||
r-devel-linux-x86_64-fedora-gcc | 0.5-11 | 272.31 | NOTE | |||
r-devel-windows-x86_64 | 0.5-11 | 10.00 | 168.00 | 178.00 | NOTE | |
r-patched-linux-x86_64 | 0.5-11 | NOTE | ||||
r-release-linux-x86_64 | 0.5-11 | 6.32 | 193.07 | 199.39 | NOTE | |
r-release-macos-arm64 | 0.5-11 | 70.00 | NOTE | |||
r-release-macos-x86_64 | 0.5-11 | 116.00 | NOTE | |||
r-release-windows-x86_64 | 0.5-11 | 9.00 | 165.00 | 174.00 | NOTE | |
r-oldrel-macos-arm64 | 0.5-11 | 79.00 | OK | |||
r-oldrel-macos-x86_64 | 0.5-11 | 131.00 | OK | |||
r-oldrel-windows-x86_64 | 0.5-11 | 10.00 | 208.00 | 218.00 | OK |
Version: 0.5-11
Check: Rd files
Result: NOTE
checkRd: (-1) read.VCF.Rd:21: Lost braces
21 | Reads a \url{https://samtools.github.io/hts-specs/}{Variant Call Format (VCF)} file into a BED object,
| ^
Flavors: r-devel-linux-x86_64-debian-clang, r-devel-linux-x86_64-debian-gcc, r-devel-linux-x86_64-fedora-clang, r-devel-linux-x86_64-fedora-gcc, r-devel-windows-x86_64, r-patched-linux-x86_64, r-release-linux-x86_64, r-release-macos-arm64, r-release-macos-x86_64, r-release-windows-x86_64
These binaries (installable software) and packages are in development.
They may not be fully stable and should be used with caution. We make no claims about them.