Last updated on 2025-10-24 13:49:40 CEST.
| Flavor | Version | Tinstall | Tcheck | Ttotal | Status | Flags |
|---|---|---|---|---|---|---|
| r-devel-linux-x86_64-debian-clang | 0.1.0 | 1.81 | 23.01 | 24.82 | NOTE | |
| r-devel-linux-x86_64-debian-gcc | 0.1.0 | 1.54 | 19.04 | 20.58 | NOTE | |
| r-devel-linux-x86_64-fedora-clang | 0.1.0 | 36.43 | OK | |||
| r-devel-linux-x86_64-fedora-gcc | 0.1.0 | 33.29 | OK | |||
| r-devel-windows-x86_64 | 0.1.0 | 3.00 | 42.00 | 45.00 | OK | |
| r-patched-linux-x86_64 | 0.1.0 | 2.31 | 21.69 | 24.00 | OK | |
| r-release-linux-x86_64 | 0.1.0 | 1.91 | 21.23 | 23.14 | OK | |
| r-release-macos-arm64 | 0.1.0 | 1.00 | 15.00 | 16.00 | OK | |
| r-release-macos-x86_64 | 0.1.0 | 2.00 | 22.00 | 24.00 | OK | |
| r-release-windows-x86_64 | 0.1.0 | 3.00 | 46.00 | 49.00 | OK | |
| r-oldrel-macos-arm64 | 0.1.0 | 1.00 | 15.00 | 16.00 | OK | |
| r-oldrel-macos-x86_64 | 0.1.0 | 2.00 | 21.00 | 23.00 | OK | |
| r-oldrel-windows-x86_64 | 0.1.0 | 3.00 | 43.00 | 46.00 | OK |
Version: 0.1.0
Check: CRAN incoming feasibility
Result: NOTE
Maintainer: ‘Huaiyu Zhang <huaiyuzhang1988@gmail.com>’
No Authors@R field in DESCRIPTION.
Please add one, modifying
Authors@R: c(person(given = "Huaiyu",
family = "Zhang",
role = c("aut", "cre"),
email = "huaiyuzhang1988@gmail.com"),
person(given = "Haiyan",
family = "Wang",
role = "aut"))
as necessary.
Flavors: r-devel-linux-x86_64-debian-clang, r-devel-linux-x86_64-debian-gcc
These binaries (installable software) and packages are in development.
They may not be fully stable and should be used with caution. We make no claims about them.