Last updated on 2025-10-03 01:49:48 CEST.
Flavor | Version | Tinstall | Tcheck | Ttotal | Status | Flags |
---|---|---|---|---|---|---|
r-devel-linux-x86_64-debian-clang | 0.1.1 | 13.45 | 99.21 | 112.66 | NOTE | |
r-devel-linux-x86_64-debian-gcc | 0.1.1 | 9.27 | 71.79 | 81.06 | NOTE | |
r-devel-linux-x86_64-fedora-clang | 0.1.1 | 174.71 | OK | |||
r-devel-linux-x86_64-fedora-gcc | 0.1.1 | 176.12 | OK | |||
r-devel-windows-x86_64 | 0.1.1 | 15.00 | 99.00 | 114.00 | OK | |
r-patched-linux-x86_64 | 0.1.1 | 12.61 | 92.55 | 105.16 | OK | |
r-release-linux-x86_64 | 0.1.1 | 13.00 | 93.15 | 106.15 | OK | |
r-release-macos-arm64 | 0.1.1 | 49.00 | OK | |||
r-release-macos-x86_64 | 0.1.1 | 89.00 | OK | |||
r-release-windows-x86_64 | 0.1.1 | 15.00 | 99.00 | 114.00 | OK | |
r-oldrel-macos-arm64 | 0.1.1 | 46.00 | OK | |||
r-oldrel-macos-x86_64 | 0.1.1 | 73.00 | OK | |||
r-oldrel-windows-x86_64 | 0.1.1 | 20.00 | 124.00 | 144.00 | OK |
Version: 0.1.1
Check: CRAN incoming feasibility
Result: NOTE
Maintainer: ‘Atanu Bhattacharjee <atanustat@gmail.com>’
The Description field contains
<arXiv:2012.02102>.
Please refer to arXiv e-prints via their arXiv DOI <doi:10.48550/arXiv.YYMM.NNNNN>.
Flavors: r-devel-linux-x86_64-debian-clang, r-devel-linux-x86_64-debian-gcc
These binaries (installable software) and packages are in development.
They may not be fully stable and should be used with caution. We make no claims about them.