Last updated on 2025-07-11 13:48:28 CEST.
Flavor | Version | Tinstall | Tcheck | Ttotal | Status | Flags |
---|---|---|---|---|---|---|
r-devel-linux-x86_64-debian-clang | 0.1.1 | 10.99 | 148.99 | 159.98 | NOTE | |
r-devel-linux-x86_64-debian-gcc | 0.1.1 | 8.04 | 129.36 | 137.40 | NOTE | |
r-devel-linux-x86_64-fedora-clang | 0.1.1 | 227.42 | OK | |||
r-devel-linux-x86_64-fedora-gcc | 0.1.1 | 234.77 | OK | |||
r-devel-windows-x86_64 | 0.1.1 | 15.00 | 153.00 | 168.00 | OK | |
r-patched-linux-x86_64 | 0.1.1 | 11.45 | 143.80 | 155.25 | OK | |
r-release-linux-x86_64 | 0.1.1 | 11.46 | 145.27 | 156.73 | OK | |
r-release-macos-arm64 | 0.1.1 | 101.00 | OK | |||
r-release-macos-x86_64 | 0.1.1 | 188.00 | OK | |||
r-release-windows-x86_64 | 0.1.1 | 14.00 | 152.00 | 166.00 | OK | |
r-oldrel-macos-arm64 | 0.1.1 | 82.00 | OK | |||
r-oldrel-macos-x86_64 | 0.1.1 | 115.00 | OK | |||
r-oldrel-windows-x86_64 | 0.1.1 | 17.00 | 196.00 | 213.00 | OK |
Version: 0.1.1
Check: CRAN incoming feasibility
Result: NOTE
Maintainer: ‘Daniel P. Palomar <daniel.p.palomar@gmail.com>’
Package CITATION file contains call(s) to old-style personList() or
as.personList(). Please use c() on person objects instead.
Package CITATION file contains call(s) to old-style citEntry(). Please
use bibentry() instead.
The Description field contains
<arXiv:2008.00863>. X. Wang, R. Zhou, J. Ying, and D. P. Palomar
Parametric Skew-t Distribution." <arXiv:2206.02412>.
Please refer to arXiv e-prints via their arXiv DOI <doi:10.48550/arXiv.YYMM.NNNNN>.
Flavors: r-devel-linux-x86_64-debian-clang, r-devel-linux-x86_64-debian-gcc
These binaries (installable software) and packages are in development.
They may not be fully stable and should be used with caution. We make no claims about them.