CRAN Package Check Results for Package highTtest

Last updated on 2025-02-21 06:49:42 CET.

Flavor Version Tinstall Tcheck Ttotal Status Flags
r-devel-linux-x86_64-debian-clang 1.3 2.28 20.73 23.01 OK
r-devel-linux-x86_64-debian-gcc 1.3 1.80 17.39 19.19 OK
r-devel-linux-x86_64-fedora-clang 1.3 38.89 OK
r-devel-linux-x86_64-fedora-gcc 1.3 38.85 OK
r-devel-macos-arm64 1.3 15.00 OK
r-devel-macos-x86_64 1.3 24.00 OK
r-devel-windows-x86_64 1.3 4.00 46.00 50.00 OK
r-patched-linux-x86_64 1.3 2.28 20.22 22.50 NOTE
r-release-linux-x86_64 1.3 2.32 19.89 22.21 NOTE
r-release-macos-arm64 1.3 13.00 NOTE
r-release-macos-x86_64 1.3 21.00 NOTE
r-release-windows-x86_64 1.3 3.00 41.00 44.00 NOTE
r-oldrel-macos-arm64 1.3 14.00 NOTE
r-oldrel-macos-x86_64 1.3 21.00 NOTE
r-oldrel-windows-x86_64 1.3 3.00 42.00 45.00 NOTE

Check Details

Version: 1.3
Check: package dependencies
Result: NOTE Package suggested but not available for checking: ‘colorfulVennPlot’ Flavors: r-patched-linux-x86_64, r-release-linux-x86_64, r-release-macos-arm64, r-release-macos-x86_64, r-release-windows-x86_64, r-oldrel-macos-arm64, r-oldrel-macos-x86_64, r-oldrel-windows-x86_64

These binaries (installable software) and packages are in development.
They may not be fully stable and should be used with caution. We make no claims about them.