Last updated on 2025-10-24 01:50:28 CEST.
| Flavor | Version | Tinstall | Tcheck | Ttotal | Status | Flags |
|---|---|---|---|---|---|---|
| r-devel-linux-x86_64-debian-clang | 1.0 | 3.04 | 29.27 | 32.31 | OK | |
| r-devel-linux-x86_64-debian-gcc | 1.0 | 2.59 | 22.80 | 25.39 | NOTE | |
| r-devel-linux-x86_64-fedora-clang | 1.0 | 22.00 | 31.16 | 53.16 | OK | |
| r-devel-linux-x86_64-fedora-gcc | 1.0 | 45.43 | OK | |||
| r-devel-windows-x86_64 | 1.0 | 5.00 | 44.00 | 49.00 | OK | |
| r-patched-linux-x86_64 | 1.0 | 3.20 | 27.91 | 31.11 | OK | |
| r-release-linux-x86_64 | 1.0 | 3.57 | 27.98 | 31.55 | OK | |
| r-release-macos-arm64 | 1.0 | 2.00 | 18.00 | 20.00 | OK | |
| r-release-macos-x86_64 | 1.0 | 3.00 | 32.00 | 35.00 | OK | |
| r-release-windows-x86_64 | 1.0 | 6.00 | 47.00 | 53.00 | OK | |
| r-oldrel-macos-arm64 | 1.0 | 2.00 | 19.00 | 21.00 | OK | |
| r-oldrel-macos-x86_64 | 1.0 | 4.00 | 37.00 | 41.00 | OK | |
| r-oldrel-windows-x86_64 | 1.0 | 6.00 | 52.00 | 58.00 | OK |
Version: 1.0
Check: Rd files
Result: NOTE
checkRd: (-1) highd2means-package.Rd:11-17: Only 3 columns allowed in this table (row 1 has 2)
checkRd: (-1) highd2means-package.Rd:11-17: Only 3 columns allowed in this table (row 2 has 2)
checkRd: (-1) highd2means-package.Rd:11-17: Only 3 columns allowed in this table (row 3 has 2)
checkRd: (-1) highd2means-package.Rd:11-17: Only 3 columns allowed in this table (row 4 has 2)
checkRd: (-1) highd2means-package.Rd:11-17: Only 3 columns allowed in this table (row 5 has 2)
Flavor: r-devel-linux-x86_64-debian-gcc
These binaries (installable software) and packages are in development.
They may not be fully stable and should be used with caution. We make no claims about them.