CRAN Package Check Results for Package highlightHTML

Last updated on 2025-11-14 17:48:32 CET.

Flavor Version Tinstall Tcheck Ttotal Status Flags
r-devel-linux-x86_64-debian-clang 0.2.5 1.80 27.94 29.74 NOTE
r-devel-linux-x86_64-debian-gcc 0.2.5 1.50 22.28 23.78 NOTE
r-devel-linux-x86_64-fedora-clang 0.2.5 43.52 OK
r-devel-linux-x86_64-fedora-gcc 0.2.5 55.95 OK
r-devel-windows-x86_64 0.2.5 4.00 46.00 50.00 OK
r-patched-linux-x86_64 0.2.5 1.88 25.56 27.44 OK
r-release-linux-x86_64 0.2.5 1.80 25.41 27.21 OK
r-release-macos-arm64 0.2.5 1.00 20.00 21.00 OK
r-release-macos-x86_64 0.2.5 2.00 36.00 38.00 OK
r-release-windows-x86_64 0.2.5 3.00 45.00 48.00 OK
r-oldrel-macos-arm64 0.2.5 1.00 20.00 21.00 OK
r-oldrel-macos-x86_64 0.2.5 1.00 31.00 32.00 OK
r-oldrel-windows-x86_64 0.2.5 4.00 53.00 57.00 OK

Check Details

Version: 0.2.5
Check: CRAN incoming feasibility
Result: NOTE Maintainer: ‘Brandon LeBeau <lebebr01+highlightHTML@gmail.com>’ Package CITATION file contains call(s) to old-style citEntry(). Please use bibentry() instead. Flavors: r-devel-linux-x86_64-debian-clang, r-devel-linux-x86_64-debian-gcc

These binaries (installable software) and packages are in development.
They may not be fully stable and should be used with caution. We make no claims about them.