Last updated on 2025-10-23 11:50:15 CEST.
| Flavor | Version | Tinstall | Tcheck | Ttotal | Status | Flags |
|---|---|---|---|---|---|---|
| r-devel-linux-x86_64-debian-clang | 0.2.5 | 1.68 | 27.96 | 29.64 | NOTE | |
| r-devel-linux-x86_64-debian-gcc | 0.2.5 | 1.46 | 22.56 | 24.02 | NOTE | |
| r-devel-linux-x86_64-fedora-clang | 0.2.5 | 45.87 | OK | |||
| r-devel-linux-x86_64-fedora-gcc | 0.2.5 | 53.48 | OK | |||
| r-devel-windows-x86_64 | 0.2.5 | 3.00 | 46.00 | 49.00 | OK | |
| r-patched-linux-x86_64 | 0.2.5 | 1.92 | 25.66 | 27.58 | OK | |
| r-release-linux-x86_64 | 0.2.5 | 1.75 | 25.51 | 27.26 | OK | |
| r-release-macos-arm64 | 0.2.5 | 1.00 | 20.00 | 21.00 | OK | |
| r-release-macos-x86_64 | 0.2.5 | 2.00 | 36.00 | 38.00 | OK | |
| r-release-windows-x86_64 | 0.2.5 | 3.00 | 48.00 | 51.00 | OK | |
| r-oldrel-macos-arm64 | 0.2.5 | 1.00 | 20.00 | 21.00 | OK | |
| r-oldrel-macos-x86_64 | 0.2.5 | 1.00 | 31.00 | 32.00 | OK | |
| r-oldrel-windows-x86_64 | 0.2.5 | 3.00 | 87.00 | 90.00 | OK |
Version: 0.2.5
Check: CRAN incoming feasibility
Result: NOTE
Maintainer: ‘Brandon LeBeau <lebebr01+highlightHTML@gmail.com>’
Package CITATION file contains call(s) to old-style citEntry(). Please
use bibentry() instead.
Flavors: r-devel-linux-x86_64-debian-clang, r-devel-linux-x86_64-debian-gcc
Version: 0.2.5
Check: HTML version of manual
Result: NOTE
Found the following HTML validation problems:
print.highlightHTML.html:51:1 (print.highlightHTML.Rd:12): Warning: missing </ul> before </div>
shinyRGB2hex.html:46:1 (shinyRGB2hex.Rd:10): Warning: missing </ul> before </div>
Flavor: r-devel-linux-x86_64-debian-clang
These binaries (installable software) and packages are in development.
They may not be fully stable and should be used with caution. We make no claims about them.