Last updated on 2025-02-16 08:50:49 CET.
Flavor | Version | Tinstall | Tcheck | Ttotal | Status | Flags |
---|---|---|---|---|---|---|
r-devel-linux-x86_64-debian-clang | 1.4.9 | 12.50 | 109.03 | 121.53 | OK | |
r-devel-linux-x86_64-debian-gcc | 1.4.9 | 7.97 | 81.49 | 89.46 | OK | |
r-devel-linux-x86_64-fedora-clang | 1.4.9 | 197.63 | OK | |||
r-devel-linux-x86_64-fedora-gcc | 1.4.9 | 183.17 | OK | |||
r-devel-macos-arm64 | 1.4.9 | 55.00 | OK | |||
r-devel-macos-x86_64 | 1.4.9 | 99.00 | OK | |||
r-devel-windows-x86_64 | 1.4.9 | 13.00 | 118.00 | 131.00 | OK | |
r-patched-linux-x86_64 | 1.4.9 | 12.36 | 100.79 | 113.15 | NOTE | |
r-release-linux-x86_64 | 1.4.9 | 11.86 | 99.71 | 111.57 | NOTE | |
r-release-macos-arm64 | 1.4.9 | 52.00 | NOTE | |||
r-release-macos-x86_64 | 1.4.9 | 79.00 | NOTE | |||
r-release-windows-x86_64 | 1.4.9 | 13.00 | 116.00 | 129.00 | OK | |
r-oldrel-macos-arm64 | 1.4.9 | 59.00 | NOTE | |||
r-oldrel-macos-x86_64 | 1.4.9 | 108.00 | NOTE | |||
r-oldrel-windows-x86_64 | 1.4.9 | 18.00 | 145.00 | 163.00 | NOTE |
Version: 1.4.9
Check: package dependencies
Result: NOTE
Package suggested but not available for checking: ‘INLA’
Flavors: r-patched-linux-x86_64, r-release-linux-x86_64, r-release-macos-arm64, r-release-macos-x86_64, r-oldrel-macos-arm64, r-oldrel-macos-x86_64, r-oldrel-windows-x86_64
These binaries (installable software) and packages are in development.
They may not be fully stable and should be used with caution. We make no claims about them.