CRAN Package Check Results for Package highs

Last updated on 2025-10-23 15:49:57 CEST.

Flavor Version Tinstall Tcheck Ttotal Status Flags
r-devel-linux-x86_64-debian-clang 1.10.0-3 676.49 41.42 717.91 OK
r-devel-linux-x86_64-debian-gcc 1.10.0-3 534.89 31.62 566.51 OK
r-devel-linux-x86_64-fedora-clang 1.10.0-3 1920.00 -385.90 1534.10 OK
r-devel-linux-x86_64-fedora-gcc 1.10.0-3 1380.00 146.81 1526.81 OK
r-devel-windows-x86_64 1.10.0-3 931.00 111.00 1042.00 OK
r-patched-linux-x86_64 1.10.0-3 796.60 37.36 833.96 OK
r-release-linux-x86_64 1.10.0-3 792.75 36.99 829.74 OK
r-release-macos-arm64 1.10.0-3 268.00 23.00 291.00 OK
r-release-macos-x86_64 1.10.0-3 263.00 48.00 311.00 OK
r-release-windows-x86_64 1.10.0-3 970.00 112.00 1082.00 OK
r-oldrel-macos-arm64 1.10.0-3 261.00 27.00 288.00 NOTE
r-oldrel-macos-x86_64 1.10.0-3 233.00 44.00 277.00 NOTE
r-oldrel-windows-x86_64 1.10.0-3 909.00 134.00 1043.00 NOTE

Check Details

Version: 1.10.0-3
Check: installed package size
Result: NOTE installed size is 57.5Mb sub-directories of 1Mb or more: libs 57.3Mb Flavors: r-oldrel-macos-arm64, r-oldrel-macos-x86_64, r-oldrel-windows-x86_64

These binaries (installable software) and packages are in development.
They may not be fully stable and should be used with caution. We make no claims about them.