Last updated on 2025-05-21 21:49:19 CEST.
Flavor | Version | Tinstall | Tcheck | Ttotal | Status | Flags |
---|---|---|---|---|---|---|
r-devel-linux-x86_64-debian-clang | 1.10.0-2 | 657.69 | 37.86 | 695.55 | OK | |
r-devel-linux-x86_64-debian-gcc | 1.10.0-2 | 581.49 | 29.21 | 610.70 | OK | |
r-devel-linux-x86_64-fedora-clang | 1.10.0-2 | 1580.69 | OK | |||
r-devel-linux-x86_64-fedora-gcc | 1.10.0-2 | 1893.67 | OK | |||
r-devel-windows-x86_64 | 1.10.0-2 | 966.00 | 127.00 | 1093.00 | OK | |
r-patched-linux-x86_64 | 1.10.0-2 | 787.79 | 35.30 | 823.09 | OK | |
r-release-linux-x86_64 | 1.10.0-1 | 798.42 | 34.80 | 833.22 | OK | |
r-release-macos-arm64 | 1.10.0-2 | 240.00 | OK | |||
r-release-macos-x86_64 | 1.10.0-2 | 421.00 | OK | |||
r-release-windows-x86_64 | 1.10.0-2 | 987.00 | 131.00 | 1118.00 | OK | |
r-oldrel-macos-arm64 | 1.10.0-2 | 300.00 | NOTE | |||
r-oldrel-macos-x86_64 | 1.10.0-2 | 387.00 | NOTE | |||
r-oldrel-windows-x86_64 | 1.10.0-1 | 820.00 | 137.00 | 957.00 | NOTE |
Version: 1.10.0-2
Check: installed package size
Result: NOTE
installed size is 57.5Mb
sub-directories of 1Mb or more:
libs 57.3Mb
Flavors: r-oldrel-macos-arm64, r-oldrel-macos-x86_64
Version: 1.10.0-1
Check: installed package size
Result: NOTE
installed size is 5.4Mb
sub-directories of 1Mb or more:
libs 5.1Mb
Flavor: r-oldrel-windows-x86_64
These binaries (installable software) and packages are in development.
They may not be fully stable and should be used with caution. We make no claims about them.