Last updated on 2025-02-16 08:50:49 CET.
Flavor | Version | Tinstall | Tcheck | Ttotal | Status | Flags |
---|---|---|---|---|---|---|
r-devel-linux-x86_64-debian-clang | 0.9.0 | 26.99 | 126.79 | 153.78 | NOTE | |
r-devel-linux-x86_64-debian-gcc | 0.9.0 | 20.25 | 110.59 | 130.84 | NOTE | |
r-devel-linux-x86_64-fedora-clang | 0.9.0 | 263.49 | NOTE | |||
r-devel-linux-x86_64-fedora-gcc | 0.9.0 | 322.77 | NOTE | |||
r-devel-macos-arm64 | 0.9.0 | 142.00 | NOTE | |||
r-devel-macos-x86_64 | 0.9.0 | 236.00 | NOTE | |||
r-devel-windows-x86_64 | 0.9.0 | 31.00 | 187.00 | 218.00 | NOTE | |
r-patched-linux-x86_64 | 0.9.0 | 28.14 | 132.63 | 160.77 | NOTE | |
r-release-linux-x86_64 | 0.9.0 | 28.45 | 144.92 | 173.37 | NOTE | |
r-release-macos-arm64 | 0.9.0 | 119.00 | NOTE | |||
r-release-macos-x86_64 | 0.9.0 | 151.00 | NOTE | |||
r-release-windows-x86_64 | 0.9.0 | 34.00 | 194.00 | 228.00 | NOTE | |
r-oldrel-macos-arm64 | 0.9.0 | 137.00 | NOTE | |||
r-oldrel-macos-x86_64 | 0.9.0 | 180.00 | NOTE | |||
r-oldrel-windows-x86_64 | 0.9.0 | 37.00 | 195.00 | 232.00 | NOTE |
Version: 0.9.0
Check: C++ specification
Result: NOTE
Specified C++11: please drop specification unless essential
Flavors: r-devel-linux-x86_64-debian-clang, r-devel-linux-x86_64-debian-gcc, r-devel-linux-x86_64-fedora-clang, r-devel-linux-x86_64-fedora-gcc, r-devel-macos-arm64, r-devel-macos-x86_64, r-devel-windows-x86_64, r-patched-linux-x86_64, r-release-linux-x86_64, r-release-macos-arm64, r-release-macos-x86_64, r-release-windows-x86_64, r-oldrel-macos-arm64, r-oldrel-macos-x86_64, r-oldrel-windows-x86_64
These binaries (installable software) and packages are in development.
They may not be fully stable and should be used with caution. We make no claims about them.