CRAN Package Check Results for Package hildareadR

Last updated on 2025-10-23 11:50:15 CEST.

Flavor Version Tinstall Tcheck Ttotal Status Flags
r-devel-linux-x86_64-debian-clang 0.2.0 3.76 32.96 36.72 OK
r-devel-linux-x86_64-debian-gcc 0.2.0 2.63 24.59 27.22 OK
r-devel-linux-x86_64-fedora-clang 0.2.0 55.35 OK
r-devel-linux-x86_64-fedora-gcc 0.2.0 49.39 OK
r-devel-windows-x86_64 0.2.0 5.00 47.00 52.00 OK
r-patched-linux-x86_64 0.2.0 3.90 30.93 34.83 OK
r-release-linux-x86_64 0.2.0 3.49 30.97 34.46 OK
r-release-macos-arm64 0.2.0 2.00 20.00 22.00 OK
r-release-macos-x86_64 0.2.0 3.00 30.00 33.00 OK
r-release-windows-x86_64 0.2.0 5.00 49.00 54.00 OK
r-oldrel-macos-arm64 0.2.0 2.00 18.00 20.00 NOTE
r-oldrel-macos-x86_64 0.2.0 4.00 27.00 31.00 NOTE
r-oldrel-windows-x86_64 0.2.0 6.00 58.00 64.00 NOTE

Check Details

Version: 0.2.0
Check: LazyData
Result: NOTE 'LazyData' is specified without a 'data' directory Flavors: r-oldrel-macos-arm64, r-oldrel-macos-x86_64, r-oldrel-windows-x86_64

These binaries (installable software) and packages are in development.
They may not be fully stable and should be used with caution. We make no claims about them.