CRAN Package Check Results for Package hindex

Last updated on 2025-05-21 21:49:19 CEST.

Flavor Version Tinstall Tcheck Ttotal Status Flags
r-devel-linux-x86_64-debian-clang 0.2.0 2.87 32.60 35.47 NOTE
r-devel-linux-x86_64-debian-gcc 0.2.0 2.18 24.43 26.61 NOTE
r-devel-linux-x86_64-fedora-clang 0.2.0 55.55 OK
r-devel-linux-x86_64-fedora-gcc 0.2.0 53.36 OK
r-devel-windows-x86_64 0.2.0 5.00 62.00 67.00 OK
r-patched-linux-x86_64 0.2.0 2.11 30.54 32.65 OK
r-release-linux-x86_64 0.2.0 2.95 30.24 33.19 OK
r-release-macos-arm64 0.2.0 22.00 OK
r-release-macos-x86_64 0.2.0 35.00 OK
r-release-windows-x86_64 0.2.0 4.00 56.00 60.00 OK
r-oldrel-macos-arm64 0.2.0 20.00 NOTE
r-oldrel-macos-x86_64 0.2.0 31.00 NOTE
r-oldrel-windows-x86_64 0.2.0 6.00 59.00 65.00 NOTE

Check Details

Version: 0.2.0
Check: CRAN incoming feasibility
Result: NOTE Maintainer: ‘Alexander Tekles <alexander.tekles@soziologie.uni-muenchen.de>’ The Description field contains described in more detail in Bornmann et al. (2019) <arXiv:1905.11052>. Please refer to arXiv e-prints via their arXiv DOI <doi:10.48550/arXiv.YYMM.NNNNN>. Flavors: r-devel-linux-x86_64-debian-clang, r-devel-linux-x86_64-debian-gcc

Version: 0.2.0
Check: LazyData
Result: NOTE 'LazyData' is specified without a 'data' directory Flavors: r-oldrel-macos-arm64, r-oldrel-macos-x86_64, r-oldrel-windows-x86_64

These binaries (installable software) and packages are in development.
They may not be fully stable and should be used with caution. We make no claims about them.