CRAN Package Check Results for Package histmdl

Last updated on 2025-05-08 04:52:07 CEST.

Flavor Version Tinstall Tcheck Ttotal Status Flags
r-devel-linux-x86_64-debian-clang 0.7-1 2.18 17.45 19.63 NOTE
r-devel-linux-x86_64-debian-gcc 0.7-1 1.73 14.32 16.05 NOTE
r-devel-linux-x86_64-fedora-clang 0.7-1 31.49 OK
r-devel-linux-x86_64-fedora-gcc 0.7-1 30.82 OK
r-devel-windows-x86_64 0.7-1 6.00 40.00 46.00 OK
r-patched-linux-x86_64 0.7-1 2.24 16.87 19.11 OK
r-release-linux-x86_64 0.7-1 2.08 16.98 19.06 OK
r-release-macos-arm64 0.7-1 16.00 OK
r-release-macos-x86_64 0.7-1 24.00 OK
r-release-windows-x86_64 0.7-1 5.00 44.00 49.00 OK
r-oldrel-macos-arm64 0.7-1 15.00 OK
r-oldrel-macos-x86_64 0.7-1 22.00 OK
r-oldrel-windows-x86_64 0.7-1 4.00 39.00 43.00 OK

Check Details

Version: 0.7-1
Check: CRAN incoming feasibility
Result: NOTE Maintainer: ‘Jouke Witteveen <j.witteveen@gmail.com>’ No Authors@R field in DESCRIPTION. Please add one, modifying Authors@R: person(given = "Jouke", family = "Witteveen", role = c("aut", "cre"), email = "j.witteveen@gmail.com") as necessary. Flavors: r-devel-linux-x86_64-debian-clang, r-devel-linux-x86_64-debian-gcc

These binaries (installable software) and packages are in development.
They may not be fully stable and should be used with caution. We make no claims about them.