Last updated on 2025-10-23 11:50:16 CEST.
Flavor | Version | Tinstall | Tcheck | Ttotal | Status | Flags |
---|---|---|---|---|---|---|
r-devel-linux-x86_64-debian-clang | 0.1.0 | 196.03 | 272.86 | 468.89 | OK | |
r-devel-linux-x86_64-debian-gcc | 0.1.0 | 161.62 | 195.79 | 357.41 | OK | |
r-devel-linux-x86_64-fedora-clang | 0.1.0 | 449.00 | 284.62 | 733.62 | OK | |
r-devel-linux-x86_64-fedora-gcc | 0.1.0 | 522.00 | 273.16 | 795.16 | OK | |
r-devel-windows-x86_64 | 0.1.0 | 200.00 | 275.00 | 475.00 | OK | |
r-patched-linux-x86_64 | 0.1.0 | 225.65 | 272.24 | 497.89 | OK | |
r-release-linux-x86_64 | 0.1.0 | 207.78 | 274.30 | 482.08 | OK | |
r-release-macos-arm64 | 0.1.0 | 78.00 | 99.00 | 177.00 | OK | |
r-release-macos-x86_64 | 0.1.0 | 163.00 | 218.00 | 381.00 | OK | |
r-release-windows-x86_64 | 0.1.0 | 197.00 | 273.00 | 470.00 | OK | |
r-oldrel-macos-arm64 | 0.1.0 | 39.00 | 59.00 | 98.00 | NOTE | |
r-oldrel-macos-x86_64 | 0.1.0 | 79.00 | 106.00 | 185.00 | NOTE | |
r-oldrel-windows-x86_64 | 0.1.0 | 234.00 | 372.00 | 606.00 | NOTE |
Version: 0.1.0
Check: installed package size
Result: NOTE
installed size is 83.3Mb
sub-directories of 1Mb or more:
libs 82.8Mb
Flavors: r-oldrel-macos-arm64, r-oldrel-macos-x86_64
Version: 0.1.0
Check: for GNU extensions in Makefiles
Result: NOTE
GNU make is a SystemRequirements.
Flavors: r-oldrel-macos-arm64, r-oldrel-macos-x86_64, r-oldrel-windows-x86_64
These binaries (installable software) and packages are in development.
They may not be fully stable and should be used with caution. We make no claims about them.