Last updated on 2025-02-16 08:50:49 CET.
Flavor | Version | Tinstall | Tcheck | Ttotal | Status | Flags |
---|---|---|---|---|---|---|
r-devel-linux-x86_64-debian-clang | 0.1.0 | 197.21 | 251.70 | 448.91 | OK | |
r-devel-linux-x86_64-debian-gcc | 0.1.0 | 164.38 | 183.36 | 347.74 | OK | |
r-devel-linux-x86_64-fedora-clang | 0.1.0 | 698.81 | OK | |||
r-devel-linux-x86_64-fedora-gcc | 0.1.0 | 828.82 | OK | |||
r-devel-macos-arm64 | 0.1.0 | 193.00 | OK | |||
r-devel-macos-x86_64 | 0.1.0 | 381.00 | OK | |||
r-devel-windows-x86_64 | 0.1.0 | 175.00 | 256.00 | 431.00 | OK | |
r-patched-linux-x86_64 | 0.1.0 | 210.28 | 248.95 | 459.23 | NOTE | |
r-release-linux-x86_64 | 0.1.0 | 217.04 | 252.13 | 469.17 | NOTE | |
r-release-macos-arm64 | 0.1.0 | 98.00 | NOTE | |||
r-release-macos-x86_64 | 0.1.0 | 185.00 | NOTE | |||
r-release-windows-x86_64 | 0.1.0 | 175.00 | 249.00 | 424.00 | NOTE | |
r-oldrel-macos-arm64 | 0.1.0 | 163.00 | NOTE | |||
r-oldrel-macos-x86_64 | 0.1.0 | 256.00 | NOTE | |||
r-oldrel-windows-x86_64 | 0.1.0 | 243.00 | 324.00 | 567.00 | NOTE |
Version: 0.1.0
Check: for GNU extensions in Makefiles
Result: NOTE
GNU make is a SystemRequirements.
Flavors: r-patched-linux-x86_64, r-release-linux-x86_64, r-release-macos-arm64, r-release-macos-x86_64, r-release-windows-x86_64, r-oldrel-macos-arm64, r-oldrel-macos-x86_64, r-oldrel-windows-x86_64
Version: 0.1.0
Check: installed package size
Result: NOTE
installed size is 83.3Mb
sub-directories of 1Mb or more:
libs 82.8Mb
Flavors: r-release-macos-arm64, r-release-macos-x86_64, r-oldrel-macos-arm64, r-oldrel-macos-x86_64
These binaries (installable software) and packages are in development.
They may not be fully stable and should be used with caution. We make no claims about them.