Last updated on 2025-11-12 12:53:12 CET.
| Flavor | Version | Tinstall | Tcheck | Ttotal | Status | Flags |
|---|---|---|---|---|---|---|
| r-devel-linux-x86_64-debian-clang | 0.1.0 | 188.57 | 268.62 | 457.19 | OK | |
| r-devel-linux-x86_64-debian-gcc | 0.1.0 | 165.19 | 193.18 | 358.37 | OK | |
| r-devel-linux-x86_64-fedora-clang | 0.1.0 | 447.00 | 268.42 | 715.42 | OK | |
| r-devel-linux-x86_64-fedora-gcc | 0.1.0 | 590.00 | 215.80 | 805.80 | OK | |
| r-devel-windows-x86_64 | 0.1.0 | 201.00 | 267.00 | 468.00 | OK | |
| r-patched-linux-x86_64 | 0.1.0 | 220.35 | 272.20 | 492.55 | OK | |
| r-release-linux-x86_64 | 0.1.0 | 213.94 | 272.91 | 486.85 | OK | |
| r-release-macos-arm64 | 0.1.0 | 78.00 | 99.00 | 177.00 | OK | |
| r-release-macos-x86_64 | 0.1.0 | 163.00 | 218.00 | 381.00 | OK | |
| r-release-windows-x86_64 | 0.1.0 | 200.00 | 267.00 | 467.00 | OK | |
| r-oldrel-macos-arm64 | 0.1.0 | 39.00 | 59.00 | 98.00 | NOTE | |
| r-oldrel-macos-x86_64 | 0.1.0 | 79.00 | 106.00 | 185.00 | NOTE | |
| r-oldrel-windows-x86_64 | 0.1.0 | 236.00 | 356.00 | 592.00 | NOTE |
Version: 0.1.0
Check: installed package size
Result: NOTE
installed size is 83.3Mb
sub-directories of 1Mb or more:
libs 82.8Mb
Flavors: r-oldrel-macos-arm64, r-oldrel-macos-x86_64
Version: 0.1.0
Check: for GNU extensions in Makefiles
Result: NOTE
GNU make is a SystemRequirements.
Flavors: r-oldrel-macos-arm64, r-oldrel-macos-x86_64, r-oldrel-windows-x86_64
These binaries (installable software) and packages are in development.
They may not be fully stable and should be used with caution. We make no claims about them.