CRAN Package Check Results for Package historicalborrowlong

Last updated on 2025-07-05 15:50:02 CEST.

Flavor Version Tinstall Tcheck Ttotal Status Flags
r-devel-linux-x86_64-debian-clang 0.1.0 192.74 257.71 450.45 OK
r-devel-linux-x86_64-debian-gcc 0.1.0 164.50 183.06 347.56 OK
r-devel-linux-x86_64-fedora-clang 0.1.0 694.60 OK
r-devel-linux-x86_64-fedora-gcc 0.1.0 770.19 OK
r-devel-windows-x86_64 0.1.0 197.00 253.00 450.00 OK
r-patched-linux-x86_64 0.1.0 230.35 259.61 489.96 OK
r-release-linux-x86_64 0.1.0 210.96 255.96 466.92 OK
r-release-macos-arm64 0.1.0 177.00 OK
r-release-macos-x86_64 0.1.0 381.00 OK
r-release-windows-x86_64 0.1.0 197.00 262.00 459.00 OK
r-oldrel-macos-arm64 0.1.0 98.00 NOTE
r-oldrel-macos-x86_64 0.1.0 185.00 NOTE
r-oldrel-windows-x86_64 0.1.0 229.00 345.00 574.00 NOTE

Check Details

Version: 0.1.0
Check: installed package size
Result: NOTE installed size is 83.3Mb sub-directories of 1Mb or more: libs 82.8Mb Flavors: r-oldrel-macos-arm64, r-oldrel-macos-x86_64

Version: 0.1.0
Check: for GNU extensions in Makefiles
Result: NOTE GNU make is a SystemRequirements. Flavors: r-oldrel-macos-arm64, r-oldrel-macos-x86_64, r-oldrel-windows-x86_64

These binaries (installable software) and packages are in development.
They may not be fully stable and should be used with caution. We make no claims about them.