Last updated on 2025-10-03 11:50:46 CEST.
Flavor | Version | Tinstall | Tcheck | Ttotal | Status | Flags |
---|---|---|---|---|---|---|
r-devel-linux-x86_64-debian-clang | 1.1.6 | 36.87 | 31.48 | 68.35 | OK | |
r-devel-linux-x86_64-debian-gcc | 1.1.6 | 25.72 | 23.87 | 49.59 | OK | |
r-devel-linux-x86_64-fedora-clang | 1.1.6 | 122.99 | OK | |||
r-devel-linux-x86_64-fedora-gcc | 1.1.6 | 129.45 | OK | |||
r-devel-windows-x86_64 | 1.1.6 | 39.00 | 90.00 | 129.00 | OK | |
r-patched-linux-x86_64 | 1.1.6 | 36.88 | 29.82 | 66.70 | OK | |
r-release-linux-x86_64 | 1.1.6 | 36.59 | 29.13 | 65.72 | OK | |
r-release-macos-arm64 | 1.1.6 | 34.00 | OK | |||
r-release-macos-x86_64 | 1.1.6 | 110.00 | OK | |||
r-release-windows-x86_64 | 1.1.6 | 42.00 | 66.00 | 108.00 | OK | |
r-oldrel-macos-arm64 | 1.1.6 | 39.00 | NOTE | |||
r-oldrel-macos-x86_64 | 1.1.6 | 82.00 | NOTE | |||
r-oldrel-windows-x86_64 | 1.1.6 | 50.00 | 82.00 | 132.00 | OK |
Version: 1.1.6
Check: installed package size
Result: NOTE
installed size is 5.4Mb
sub-directories of 1Mb or more:
libs 5.3Mb
Flavors: r-oldrel-macos-arm64, r-oldrel-macos-x86_64
These binaries (installable software) and packages are in development.
They may not be fully stable and should be used with caution. We make no claims about them.