Last updated on 2025-02-02 16:49:09 CET.
Flavor | Version | Tinstall | Tcheck | Ttotal | Status | Flags |
---|---|---|---|---|---|---|
r-devel-linux-x86_64-debian-clang | 1.3.1 | 53.45 | 52.87 | 106.32 | NOTE | |
r-devel-linux-x86_64-debian-gcc | 1.3.1 | 45.38 | 36.92 | 82.30 | NOTE | |
r-devel-linux-x86_64-fedora-clang | 1.3.1 | 193.62 | NOTE | |||
r-devel-linux-x86_64-fedora-gcc | 1.3.1 | 220.51 | NOTE | |||
r-devel-windows-x86_64 | 1.3.1 | 65.00 | 92.00 | 157.00 | NOTE | |
r-patched-linux-x86_64 | 1.3.1 | 68.64 | 50.27 | 118.91 | NOTE | |
r-release-linux-x86_64 | 1.3.1 | 57.59 | 49.18 | 106.77 | NOTE | |
r-release-macos-arm64 | 1.3.1 | 51.00 | NOTE | |||
r-release-macos-x86_64 | 1.3.1 | 66.00 | NOTE | |||
r-release-windows-x86_64 | 1.3.1 | 68.00 | 95.00 | 163.00 | NOTE | |
r-oldrel-macos-arm64 | 1.3.1 | 64.00 | NOTE | |||
r-oldrel-macos-x86_64 | 1.3.1 | 102.00 | NOTE | |||
r-oldrel-windows-x86_64 | 1.3.1 | 78.00 | 105.00 | 183.00 | OK |
Version: 1.3.1
Check: Rd files
Result: NOTE
checkRd: (-1) hlt.Rd:64: Lost braces in \itemize; meant \describe ?
checkRd: (-1) hlt.Rd:65: Lost braces in \itemize; meant \describe ?
checkRd: (-1) hlt.Rd:66: Lost braces in \itemize; meant \describe ?
checkRd: (-1) hlt.Rd:67: Lost braces in \itemize; meant \describe ?
checkRd: (-1) hlt.Rd:68: Lost braces in \itemize; meant \describe ?
checkRd: (-1) hlt.Rd:77-78: Lost braces in \itemize; \value handles \item{}{} directly
checkRd: (-1) hlt.Rd:79: Lost braces in \itemize; \value handles \item{}{} directly
checkRd: (-1) hlt.Rd:80-81: Lost braces in \itemize; \value handles \item{}{} directly
checkRd: (-1) hlt.Rd:82: Lost braces in \itemize; \value handles \item{}{} directly
checkRd: (-1) hlt.Rd:83: Lost braces in \itemize; \value handles \item{}{} directly
checkRd: (-1) hltsim.Rd:31: Lost braces in \itemize; \value handles \item{}{} directly
checkRd: (-1) hltsim.Rd:32: Lost braces in \itemize; \value handles \item{}{} directly
checkRd: (-1) hltsim.Rd:33: Lost braces in \itemize; \value handles \item{}{} directly
checkRd: (-1) hltsim.Rd:34: Lost braces in \itemize; \value handles \item{}{} directly
checkRd: (-1) hltsim.Rd:35: Lost braces in \itemize; \value handles \item{}{} directly
checkRd: (-1) hltsim.Rd:36: Lost braces in \itemize; \value handles \item{}{} directly
checkRd: (-1) hltsim.Rd:37: Lost braces in \itemize; \value handles \item{}{} directly
checkRd: (-1) hltsim.Rd:38: Lost braces in \itemize; \value handles \item{}{} directly
Flavors: r-devel-linux-x86_64-debian-clang, r-devel-linux-x86_64-debian-gcc, r-devel-linux-x86_64-fedora-clang, r-devel-linux-x86_64-fedora-gcc, r-devel-windows-x86_64, r-patched-linux-x86_64, r-release-linux-x86_64, r-release-macos-arm64, r-release-macos-x86_64, r-release-windows-x86_64
Version: 1.3.1
Check: installed package size
Result: NOTE
installed size is 6.0Mb
sub-directories of 1Mb or more:
help 2.3Mb
libs 2.6Mb
Flavors: r-release-macos-arm64, r-release-macos-x86_64, r-oldrel-macos-arm64, r-oldrel-macos-x86_64
These binaries (installable software) and packages are in development.
They may not be fully stable and should be used with caution. We make no claims about them.