Last updated on 2025-02-16 08:50:49 CET.
Flavor | Version | Tinstall | Tcheck | Ttotal | Status | Flags |
---|---|---|---|---|---|---|
r-devel-linux-x86_64-debian-clang | 2.1.1 | 124.17 | 432.38 | 556.55 | OK | |
r-devel-linux-x86_64-debian-gcc | 2.1.1 | 85.55 | 223.22 | 308.77 | OK | |
r-devel-linux-x86_64-fedora-clang | 2.1.1 | 927.14 | OK | |||
r-devel-linux-x86_64-fedora-gcc | 2.1.1 | 969.97 | OK | |||
r-devel-macos-arm64 | 2.1.1 | 279.00 | OK | |||
r-devel-macos-x86_64 | 2.1.1 | 532.00 | OK | |||
r-devel-windows-x86_64 | 2.1.1 | 116.00 | 327.00 | 443.00 | OK | |
r-patched-linux-x86_64 | 2.1.1 | 117.40 | 417.22 | 534.62 | OK | |
r-release-linux-x86_64 | 2.1.1 | 115.98 | 421.81 | 537.79 | OK | |
r-release-macos-arm64 | 2.1.1 | 251.00 | NOTE | |||
r-release-macos-x86_64 | 2.1.1 | 422.00 | NOTE | |||
r-release-windows-x86_64 | 2.1.1 | 111.00 | 331.00 | 442.00 | OK | |
r-oldrel-macos-arm64 | 2.1.1 | 277.00 | NOTE | |||
r-oldrel-macos-x86_64 | 2.1.1 | 481.00 | NOTE | |||
r-oldrel-windows-x86_64 | 2.1.1 | 142.00 | 553.00 | 695.00 | OK |
Version: 2.1.1
Check: installed package size
Result: NOTE
installed size is 11.5Mb
sub-directories of 1Mb or more:
libs 10.6Mb
Flavors: r-release-macos-arm64, r-release-macos-x86_64, r-oldrel-macos-arm64, r-oldrel-macos-x86_64
These binaries (installable software) and packages are in development.
They may not be fully stable and should be used with caution. We make no claims about them.